{"id":291,"date":"2018-11-14T08:11:22","date_gmt":"2018-11-14T08:11:22","guid":{"rendered":"https:\/\/www.jennifer-b-wind.com\/wordpress-2019\/?page_id=291"},"modified":"2020-12-08T22:54:50","modified_gmt":"2020-12-08T21:54:50","slug":"die-maske-der-gewalt","status":"publish","type":"page","link":"https:\/\/www.jennifer-b-wind.com\/wordpress-2019\/buecher\/die-maske-der-gewalt\/","title":{"rendered":"Die Maske der Gewalt"},"content":{"rendered":"<p>[vc_row css=&#8220;.vc_custom_1544058105337{background-color: #f4f3ec !important;}&#8220;][vc_column][\/vc_column][\/vc_row][vc_row content_width=&#8220;full&#8220; el_class=&#8220;vc_row-no-padding&#8220; css=&#8220;.vc_custom_1544058112484{background-color: #f4f3ec !important;}&#8220;][vc_column][rev_slider_vc alias=&#8220;Slider01&#8243;][\/vc_column][\/vc_row][vc_row content_placement=&#8220;middle&#8220; css=&#8220;.vc_custom_1542271138542{background-color: #f4f3ec !important;}&#8220;][vc_column el_class=&#8220;sm-mg-bottom-40&#8243; width=&#8220;1\/2&#8243; css=&#8220;.vc_custom_1545894959742{background-image: url(https:\/\/www.jennifer-b-wind.com\/wordpress-2019\/wp-content\/uploads\/2018\/11\/background_06.png?id=320) !important;background-position: center !important;background-repeat: no-repeat !important;background-size: cover !important;}&#8220; offset=&#8220;vc_col-md-5&#8243;][vc_single_image image=&#8220;1843&#8243; img_size=&#8220;full&#8220; alignment=&#8220;right&#8220; onclick=&#8220;custom_link&#8220; img_link_target=&#8220;_blank&#8220; css=&#8220;.vc_custom_1607464375469{padding-bottom: 30px !important;}&#8220; link=&#8220;http:\/\/https:\/\/www.amazon.de\/Die-Maske-Gewalt-Ein-Richard-Schwarz-Thriller-ebook\/dp\/B07P2W1Q1P\/ref=tmm_kin_swatch_0?_encoding=UTF8&#038;qid=1597842993&#038;sr=1-1-fdbae751-0fa5-4c0f-900b-865654896618https:\/\/www.amazon.de\/Die-Maske-Gewalt-Ein-Richard-Schwarz-Thriller-ebook\/dp\/B07P2W1Q1P\/ref=tmm_kin_swatch_0?_encoding=UTF8&#038;qid=1597842993&#038;sr=1-1-fdbae751-0fa5-4c0f-900b-865654896618&#8243;][\/vc_column][vc_column width=&#8220;1\/2&#8243; offset=&#8220;vc_col-md-offset-1&#8243;][vc_column_text el_class=&#8220;fs-15,mg-bottom-45&#8243; css=&#8220;.vc_custom_1607464485496{background-color: #ffffff !important;background-position: center !important;background-repeat: no-repeat !important;background-size: contain !important;}&#8220;]<\/p>\n<h6>\u00bbDie <i>Maske der Gewalt<\/i> hat mich von der ersten Seite an gefesselt. Die rasante Handlung, der packende Fall und vor allem die pers\u00f6nliche Geschichte des undurchsichtigen, aber charismatischen Ermittlers haben mich mehr als nur eine Nacht wachgehalten.\u00ab \u2014 <strong>Veit Etzold, Spiegel-Bestsellerautor.<\/strong><\/h6>\n<p>&nbsp;<\/p>\n<p>Die Maske der Gewalt ist der erste Teil der Serie um den ungew\u00f6hnlichen Ermittler Richard Schwarz und die Gerichtspsychiaterin Theres Lend.<\/p>\n<p>Es handelt sich um einen Zyklus bei dem die polizeilichen F\u00e4lle zwar pro Band immer abgeschlossen sind, die Entwicklung der Figuren aber von Band zu Band weiterverfolgt wird. Sowohl Richard Schwarz als auch Theres Lend haben ein wichtiges Thema, das sie unabh\u00e4ngig von den F\u00e4llen verfolgen.<\/p>\n<p>Somit ist diese Serie ganz speziell aufgebaut. Ich hoffe, Sie finden Gefallen an ihr. So wie ich beim Entwickeln und Schreiben.[\/vc_column_text][vc_single_image image=&#8220;318&#8243; img_size=&#8220;133&#215;90&#8243; css=&#8220;.vc_custom_1542271125194{margin-bottom: 10px !important;}&#8220;][vc_column_text]<\/p>\n<h5 class=\"mg-top-0 text-uppercase fw-bold\" style=\"margin-bottom: 13px;\">Jennifer B. Wind<\/h5>\n<p class=\"fs-15\">\/ Author<\/p>\n<p>[\/vc_column_text][\/vc_column][vc_column][gsf_space desktop=&#8220;120&#8243; tablet=&#8220;100&#8243; tablet_portrait=&#8220;80&#8243; mobile_landscape=&#8220;70&#8243; mobile=&#8220;60&#8243;][vc_column_text]<\/p>\n<h4><b>Narben auf K\u00f6rper und Seele zeichnen ihn \u2013 der Auftakt zu der spannenden Thriller-Reihe um den Wiener Ermittler Richard Schwarz.<\/b><\/h4>\n<h5>Das Gesicht hinter der Maske ist oft schauriger als die Maske selbst.<\/h5>\n<p>LKA-Ermittler Richard Schwarz wei\u00df genau, wie es ist, einem skrupellosen M\u00f6rder ausgeliefert zu sein. Seit dem Tag, an dem seine Mutter durch die Hand eines Freiers starb und er selbst schwer verletzt wurde, versucht er, seine eigene Verwundbarkeit hinter einer Maske zu verbergen. Als in Wien kurz nacheinander die Leichen zweier Frauen gefunden werden, setzt Richard alles daran, den T\u00e4ter zu finden: Seine einzige Spur ist das merkw\u00fcrdige Muster der Stichverletzungen auf ihren K\u00f6rpern. Bis die Gerichtspsychiaterin Theres Lend sich an ihn wendet: Sie glaubt, den M\u00f6rder zu kennen.<\/p>\n<p>Als Richards Schwester Sarah in M\u00fcnchen aus ihrem eigenen Zirkus entf\u00fchrt wird, spitzt sich die Lage zu. F\u00fcr Richie z\u00e4hlt jede Sekunde. Er muss Sarah retten, einen M\u00f6rder \u00fcberf\u00fchren \u2013 und seine eigenen D\u00e4monen besiegen.[\/vc_column_text][vc_btn title=&#8220;JETZT EBOOK bei kaufen!&#8220; color=&#8220;pink&#8220; size=&#8220;lg&#8220; i_icon_fontawesome=&#8220;fa fa-heart&#8220; add_icon=&#8220;true&#8220; link=&#8220;url:https%3A%2F%2Fwww.amazon.de%2FDie-Maske-Gewalt-Ein-Richard-Schwarz-Thriller-ebook%2Fdp%2FB07P2W1Q1P%2Fref%3Dtmm_kin_swatch_0%3F_encoding%3DUTF8%26qid%3D1579818401%26sr%3D8-1||target:%20_blank|&#8220;][vc_btn title=&#8220;Als Taschenbuch bei Amazon kaufen&#8220; color=&#8220;turquoise&#8220; size=&#8220;lg&#8220; i_icon_fontawesome=&#8220;fa fa-book&#8220; add_icon=&#8220;true&#8220; link=&#8220;url:https%3A%2F%2Fwww.amazon.de%2FDie-Maske-Gewalt-Richard-Schwarz-Thriller-Band%2Fdp%2F2919804138%2Fref%3Dtmm_pap_swatch_0%3F_encoding%3DUTF8%26qid%3D1579818401%26sr%3D8-1||target:%20_blank|&#8220;][vc_btn title=&#8220;Als Taschenbuch bei Thalia kaufen&#8220; color=&#8220;vista-blue&#8220; size=&#8220;lg&#8220; i_icon_fontawesome=&#8220;fa fa-book&#8220; add_icon=&#8220;true&#8220; link=&#8220;url:https%3A%2F%2Fwww.thalia.at%2Fshop%2Fhome%2Fartikeldetails%2FID143471665.html||target:%20_blank|&#8220;][vc_btn title=&#8220;Als Taschenbuch mit Autogrammkarte und Lesezeichen signiert bei Press&#038;Books in Graz (\u00d6sterreich) kaufen&#8220; color=&#8220;blue&#8220; size=&#8220;lg&#8220; i_icon_fontawesome=&#8220;fa fa-book&#8220; add_icon=&#8220;true&#8220; link=&#8220;url:https%3A%2F%2Fpressbooks.buchkatalog.at%2FProduct%2F3000002077845%2F88705%2F10002%2F-3%2FBuecher_Krimi-und-Thriller%2FJennifer-B-Wind%2FDie-Maske-der-Gewalt%2F4099276460822241229%2F4099276460822241224%2F4099276460822241224||target:%20_blank|&#8220;][vc_btn title=&#8220;Als Taschenbuch bei Hugendubel kaufen&#8220; color=&#8220;orange&#8220; size=&#8220;lg&#8220; i_icon_fontawesome=&#8220;fa fa-book&#8220; add_icon=&#8220;true&#8220; link=&#8220;url:https%3A%2F%2Fwww.hugendubel.de%2Fde%2Fbuch%2Fjennifer_b_wind-die_maske_der_gewalt-36765298-produkt-details.html%3FsearchId%3D202039017%26originalSearchString%3D||target:%20_blank|&#8220;][vc_btn title=&#8220;Jetzt mit exklusiver signierter Autogrammkarte und Lesezeichen als Taschenbuch in der Wortfiliale kaufen&#8220; color=&#8220;warning&#8220; size=&#8220;lg&#8220; i_icon_fontawesome=&#8220;fa fa-book&#8220; add_icon=&#8220;true&#8220; link=&#8220;url:https%3A%2F%2Fwww.die-wortfiliale.de%2Fdie-maske-der-gewalt.html|||&#8220;][\/vc_column][\/vc_row][vc_row el_class=&#8220;md-clear-bg,bg-position-top-center&#8220; css=&#8220;.vc_custom_1546570311874{background-image: url(https:\/\/www.jennifer-b-wind.com\/wordpress-2019\/wp-content\/uploads\/2018\/12\/background_09.jpg?id=655) !important;background-position: 0 0 !important;background-repeat: no-repeat !important;}&#8220;][vc_column width=&#8220;5\/6&#8243; offset=&#8220;vc_col-md-offset-2 vc_col-md-8 vc_col-sm-offset-1&#8243;][gsf_space desktop=&#8220;75&#8243; tablet=&#8220;60&#8243; tablet_portrait=&#8220;40&#8243; mobile_landscape=&#8220;30&#8243; mobile=&#8220;30&#8243;][gsf_heading layout_style=&#8220;style-3&#8243; title=&#8220;RWluJTIwQmxpY2slMjBpbnMlMjBCdWNoJTNDYnIlMkYlM0UlMjAlM0NzcGFuJTIwY2xhc3MlM0QlMjJhY2NlbnQtY29sb3IlMjB0ZXh0LWl0YWxpYyUyMiUzRUdyYXRpcyUzQyUyRnNwYW4lM0U=&#8220; title_color=&#8220;#333333&#8243; title_font_size=&#8220;48|40|34|30|28&#8243; title_line_height=&#8220;1.33|em&#8220; sub_title_font_size=&#8220;18&#8243;][gsf_space desktop=&#8220;95&#8243; tablet=&#8220;80&#8243; tablet_portrait=&#8220;70&#8243; mobile_landscape=&#8220;60&#8243; mobile=&#8220;50&#8243;][\/vc_column][vc_column width=&#8220;5\/6&#8243; offset=&#8220;vc_col-md-offset-5 vc_col-md-7 vc_col-sm-offset-1&#8243;][vc_column_text]<iframe loading=\"lazy\" style=\"max-width: 100%;\" src=\"https:\/\/lesen.amazon.de\/kp\/card?asin=B07P2W1Q1P&amp;preview=inline&amp;linkCode=kpe&amp;ref_=cm_sw_r_kb_dp_cmD1DbG7YPW4F\" width=\"336\" height=\"550\" frameborder=\"0\" allowfullscreen=\"allowfullscreen\"><\/iframe>[\/vc_column_text][\/vc_column][\/vc_row][vc_row css=&#8220;.vc_custom_1542332535105{background-color: #f4f3ec !important;}&#8220;][vc_column offset=&#8220;vc_col-lg-offset-2 vc_col-lg-8 vc_col-md-offset-1 vc_col-md-10&#8243;][gsf_space desktop=&#8220;60&#8243; tablet=&#8220;55&#8243; tablet_portrait=&#8220;55&#8243; mobile_landscape=&#8220;50&#8243; mobile=&#8220;50&#8243;][gsf_heading layout_style=&#8220;style-3&#8243; title=&#8220;UHJlc3NlLSUyMHVuZCUyMExlc2Vyc3RpbW1lbg==&#8220; title_color=&#8220;#333333&#8243; title_font_size=&#8220;48||40|34|30&#8243; title_line_height=&#8220;1.4&#8243; sub_title_font_size=&#8220;18&#8243; sub_title_letter_spacing=&#8220;5px&#8220; sub_title_use_theme_fonts=&#8220;&#8220; sub_title=&#8220;TESTIMONIALS&#8220; css=&#8220;.vc_custom_1561050818066{margin-bottom: 38px !important;padding-top: 55px !important;padding-bottom: 55px !important;background-image: url(https:\/\/www.jennifer-b-wind.com\/wordpress-2019\/wp-content\/uploads\/2018\/11\/background-10.png?id=353) !important;background-position: center !important;background-repeat: no-repeat !important;background-size: cover !important;}&#8220;][\/vc_column][vc_column][gsf_testimonials layout_style=&#8220;style-02&#8243; quote_image=&#8220;263&#8243; content_line_height=&#8220;2|em&#8220; space_between=&#8220;35||||&#8220; testimonial_use_theme_font=&#8220;&#8220; values=&#8220;%5B%7B%22author_name%22%3A%22Veit%20Etzold%22%2C%22author_job%22%3A%22Spiegel-Bestseller-Autor%22%2C%22author_bio%22%3A%22%C2%BBDie%20Maske%20der%20Gewalt%20hat%20mich%20von%20der%20ersten%20Seite%20an%20gefesselt.%20Die%20rasante%20Handlung%2C%20der%20packende%20Fall%20und%20vor%20allem%20die%20pers%C3%B6nliche%20Geschichte%20des%20undurchsichtigen%2C%20aber%20charismatischen%20Ermittlers%20haben%20mich%20mehr%20als%20nur%20eine%20Nacht%20wachgehalten.%C2%AB%22%2C%22author_avatar%22%3A%222059%22%7D%2C%7B%22author_name%22%3A%22Bookreviews.at%20%22%2C%22author_bio%22%3A%22%C2%BBJennifer%20B.%20Wind%20ist%20hier%20ein%20Meisterwerk%20gelungen%2C%20virtuos%20inszeniert%20und%20rasant%20vorangetrieben.%C2%AB%20%E2%80%92%20%22%2C%22author_avatar%22%3A%222191%22%7D%2C%7B%22author_name%22%3A%22Recensio%20Online%22%2C%22author_job%22%3A%22Blog%22%2C%22author_bio%22%3A%22%C2%BBDie%20wechselnden%20Perspektiven%20bauen%20viel%20Spannung%20auf%2C%20und%20auch%20die%20Gedankeng%C3%A4nge%20des%20M%C3%B6rders%20sind%20raffiniert%20eingearbeitet.%C2%AB%20%22%2C%22author_avatar%22%3A%222309%22%7D%2C%7B%22author_name%22%3A%22Marion%20Schauder%22%2C%22author_job%22%3A%22Hinkenpinkens%20Welt%22%2C%22author_bio%22%3A%22%C2%BBDurch%20wechselnde%20Perspektiven%2C%20immer%20Mal%20wieder%20unterbrochen%20durch%20die%20kruden%20Gedanken%20des%20T%C3%A4ters%2C%20h%C3%A4lt%20die%20Autorin%20die%20Geschichte%20bis%20zum%20Schluss%20spannend.%C2%AB%20%20%20%20%20%22%7D%2C%7B%22author_name%22%3A%22Thomas%20Jessen%22%2C%22author_job%22%3A%22Mundolibris%20Blog%22%2C%22author_bio%22%3A%22%E2%80%9CUnd%20genau%20das%20ist%20die%20gro%C3%9Fe%20St%C3%A4rke%20der%20Autorin%2C%20sie%20bekommt%20jedes%20Mal%20einen%20so%20starken%20Spannungsaufbau%20hin%2C%20dass%20sie%20den%20Leser%20fesselt%20und%20ihn%20erst%20zum%20hochspannenden%20Finale%20wieder%20losl%C3%A4sst.%20So%20auch%20dieses%20Mal%2C%20hat%20sie%20mich%20regelrecht%20vom%20Hocker%20gehauen.%E2%80%9D%20%22%7D%2C%7B%22author_name%22%3A%22Daniela%20Weigel%22%2C%22author_job%22%3A%22Danis%20kleine%20B%C3%BCcherwelt%22%2C%22author_bio%22%3A%22%5C%22Ein%20MUSS%20f%C3%BCr%20jeden%20Thriller%20Fan!%5C%22%20%22%7D%2C%7B%22author_name%22%3A%22Heike%20Dewald%22%2C%22author_job%22%3A%22Irve%20liest%22%2C%22author_bio%22%3A%22%5C%22Vielversprechender%20Auftakt%20zur%20Thriller-Reihe%20um%20Richard%20und%20Theres!%5C%22%20%22%7D%2C%7B%22author_name%22%3A%22heinoko%22%2C%22author_job%22%3A%22Ue60gutezeiten%22%2C%22author_bio%22%3A%22Der%20raffiniert%20aufgebaute%20Plot%20h%C3%A4lt%20%C3%BCber%20das%20gesamte%20Buch%20hinweg%20den%20Spannungsbogen%20hoch.%20Was%20nur%20wenigen%20Autoren%20gelingt%2C%20schafft%20sie%20m%C3%BChelos%2C%20n%C3%A4mlich%20jedem%20Protagonisten%20seine%20eigene%20Stimme%20zu%20verleihen%2C%20seinen%20eigenen%20Sprachduktus.%20J.%20B.%20Wind%20spielt%20mit%20Sprache%2C%20mit%20Sprachstilen%2C%20spielt%20mit%20Ausdruck%20und%20schafft%20damit%20einen%20besonders%20intensiven%20Leseeindruck.%E2%80%9D%20%22%7D%2C%7B%22author_name%22%3A%22Buchwurm05%22%2C%22author_bio%22%3A%22%5C%22Ein%20Thriller%20wie%20er%20sein%20sollte.%20Spannung%20von%20Anfang%20bis%20Ende.%20Gut%20ausgearbeitete%20Charaktere.%20Absolute%20Leseempfehlung%20von%20mir.%20Mein%20Monatshighlight.%5C%22%20%22%7D%2C%7B%22author_name%22%3A%22Tina%20M%C3%B6nke%22%2C%22author_job%22%3A%22Lovelybooks%22%2C%22author_bio%22%3A%22%E2%80%9CWer%20Veit%20Etzold%20und%20Sebastian%20Fitzek%20mag%2C%20der%20liegt%20mit%20diesem%20Buch%20%E2%80%9EDie%20Maske%20der%20Gewalt%E2%80%9C%20als%20Auftakt%20einer%20%C3%BCberaus%20spannenden%20Thriller-Reihe%20genau%20richtig%2C%20denn%20die%20Autorin%20hat%20hier%20die%20perfekte%20Mischung%20aus%20beidem%20geschaffen.%20%E2%80%93%20Ich%20freue%20mich%20schon%20sehr%20auf%20den%20zweiten%20Teil%20um%20Richard%20Schwarz!%E2%80%9D%20%20%20%22%7D%5D&#8220; nav=&#8220;on&#8220; nav_position=&#8220;nav-center&#8220; nav_hover_style=&#8220;nav-hover-bg&#8220; nav_hover_scheme=&#8220;hover-light&#8220; autoplay=&#8220;on&#8220; content_typography=&#8220;Libre Baskerville|italic|400|italic&#8220;][\/vc_column][\/vc_row][vc_row][vc_column width=&#8220;5\/6&#8243; offset=&#8220;vc_col-lg-offset-3 vc_col-lg-6 vc_col-md-offset-2 vc_col-md-8 vc_col-sm-offset-1&#8243;][gsf_space desktop=&#8220;110&#8243; tablet=&#8220;90&#8243; tablet_portrait=&#8220;80&#8243; mobile_landscape=&#8220;70&#8243; mobile=&#8220;60&#8243;][gsf_heading layout_style=&#8220;style-4&#8243; space_between=&#8220;10|px&#8220; title=&#8220;QmxlaWIlMjBpbW1lciUyMHVwJTIwdG8lMjBkYXRlJTIwJUMzJUJDYmVyJTIwZGllJTIwU2VyaWUlMjB1bmQlMjBlcmhhbHRlJTIwZWluJTIwR1JBVElTJTIwRUJPT0slMjBCVU5ETEUlMjBtaXQlMjAzJTIwS3Vyemdlc2NoaWNodGVuJTIwJTI4YXVmJTIwZGV1dHNjaCUyMHVuZCUyMGVuZ2xpc2NoJTIwZXJoJUMzJUE0bHRsaWNoJTI5JTIxJTIwVHJhZyUyMGRpY2glMjBqZXR6dCUyMGYlQzMlQkNyJTIwZGVuJTIwTmV3c2xldHRlciUyMGVpbiUyMQ==&#8220; title_color=&#8220;#333333&#8243; title_font_size=&#8220;34||30||28&#8243; title_line_height=&#8220;1.41|em&#8220; sub_title_font_size=&#8220;14&#8243; sub_title_letter_spacing=&#8220;0|px&#8220; sub_title_color=&#8220;disable-color&#8220; sub_title_use_theme_fonts=&#8220;&#8220; sub_title=&#8220;Newsletter to get in touch&#8220; sub_title_typography=&#8220;Nunito Sans|600|600|normal&#8220;][gsf_space desktop=&#8220;55&#8243; tablet=&#8220;50&#8243; tablet_portrait=&#8220;45&#8243; mobile_landscape=&#8220;45&#8243; mobile=&#8220;40&#8243;][gsf_mail_chimp layout_style=&#8220;style-03&#8243; el_class=&#8220;md-pd-left-right-0&#8243; css=&#8220;.vc_custom_1544058209297{margin-right: 50px !important;margin-left: 50px !important;}&#8220;][gsf_space desktop=&#8220;120&#8243; tablet=&#8220;100&#8243; tablet_portrait=&#8220;80&#8243; mobile_landscape=&#8220;70&#8243; mobile=&#8220;60&#8243;][\/vc_column][\/vc_row][vc_row content_width=&#8220;full-desktop&#8220; el_class=&#8220;lg-pd-left-right-0&#8243; css=&#8220;.vc_custom_1542355119317{padding-right: 85px !important;padding-left: 85px !important;background-color: #f4f3ec !important;}&#8220;][vc_column width=&#8220;5\/6&#8243; offset=&#8220;vc_col-lg-offset-4 vc_col-lg-4 vc_col-md-offset-2 vc_col-md-8 vc_col-sm-offset-1&#8243;][\/vc_column][\/vc_row][vc_row content_placement=&#8220;middle&#8220; css=&#8220;.vc_custom_1544058718094{padding-top: 20px !important;padding-bottom: 20px !important;background-image: url(https:\/\/www.jennifer-b-wind.com\/wordpress-2019\/wp-content\/uploads\/2018\/11\/background-07.png?id=370) !important;background-position: center !important;background-repeat: no-repeat !important;background-size: cover !important;}&#8220;][vc_column el_class=&#8220;md-pd-top-50,md-pd-bottom-50&#8243; width=&#8220;1\/2&#8243; offset=&#8220;vc_col-md-8&#8243;][vc_row_inner content_placement=&#8220;middle&#8220;][vc_column_inner el_class=&#8220;md-mg-bottom-50&#8243; offset=&#8220;vc_col-lg-4 vc_col-md-6&#8243;][gsf_heading layout_style=&#8220;style-3&#8243; text_align=&#8220;text-left justify-content-start&#8220; title=&#8220;TGlrZSUyMFRoaXMlMjBTZXJpZXMlMjBCb29rcyUzRg==&#8220; title_color=&#8220;#ffffff&#8220; title_font_size=&#8220;34||30||28&#8243; title_line_height=&#8220;1.65|em&#8220; sub_title_font_size=&#8220;18&#8243;][\/vc_column_inner][vc_column_inner offset=&#8220;vc_col-lg-offset-1 vc_col-md-6&#8243;][gsf_social_networks social_networks=&#8220;social-twitter,social-facebook,social-instagram,social-pinterest,social-youTube&#8220; social_shape=&#8220;circle-outline&#8220; el_class=&#8220;text-center,hover-light,icon-color-white,md-text-left&#8220; css=&#8220;.vc_custom_1545874370598{margin-bottom: 34px !important;}&#8220;][vc_raw_html]JTNDcCUyMGNsYXNzJTNEJTIyYWNjZW50LWNvbG9yJTIwdGV4dC11cHBlcmNhc2UlMjB0ZXh0LWNlbnRlciUyMG1kLXRleHQtbGVmdCUyMGZzLTEzJTIyJTIwc3R5bGUlM0QlMjJsZXR0ZXItc3BhY2luZyUzQSUyMDFweCUzQiUyMiUzRVNoYXJlJTIwbm93JTIwJTNDaSUyMGNsYXNzJTNEJTIyZmFzJTIwZmEtc2hhcmUtYWx0JTIyJTNFJTNDJTJGaSUzRSUzQyUyRnAlM0U=[\/vc_raw_html][\/vc_column_inner][\/vc_row_inner][\/vc_column][vc_column width=&#8220;1\/2&#8243; offset=&#8220;vc_col-md-4&#8243;][\/vc_column][\/vc_row][vc_row][vc_column el_class=&#8220;text-center&#8220;][gsf_space desktop=&#8220;130&#8243; tablet=&#8220;110&#8243; tablet_portrait=&#8220;90&#8243; mobile_landscape=&#8220;80&#8243; mobile=&#8220;70&#8243;][gsf_heading layout_style=&#8220;style-4&#8243; title=&#8220;JTNDc3BhbiUyMGNsYXNzJTNEJTIyZnctYm9sZCUyMiUzRURpZSUyME1hc2tlJTIwZGVyJTNDJTJGc3BhbiUzRSUyMCUzQ3NwYW4lMjBjbGFzcyUzRCUyMnRleHQtaXRhbGljJTIyJTNFR2V3YWx0JTNDJTJGc3BhbiUzRQ==&#8220; title_color=&#8220;#333333&#8243; title_font_size=&#8220;64|56|48|40|34&#8243; title_line_height=&#8220;1.13|em&#8220; sub_title_font_size=&#8220;18&#8243; sub_title_letter_spacing=&#8220;0|px&#8220; sub_title_color=&#8220;text-color&#8220; title_use_theme_fonts=&#8220;&#8220; sub_title_use_theme_fonts=&#8220;&#8220; title_font_size_lg=&#8220;56&#8243; title_font_size_md=&#8220;48&#8243; title_font_size_sm=&#8220;40&#8243; title_font_size_mb=&#8220;34&#8243; sub_title=&#8220;von Jennifer B. Wind&#8220; title_typography=&#8220;Libre Baskerville|regular|400|normal&#8220; sub_title_typography=&#8220;Libre Baskerville|regular|400|normal&#8220; css=&#8220;.vc_custom_1560463452272{margin-bottom: 50px !important;}&#8220;][gsf_button title=&#8220;VIEW BOOK&#8220; style=&#8220;outline&#8220; color=&#8220;gray&#8220; icon_font=&#8220;fas fa-eye&#8220; el_class=&#8220;dib,sm-mg-bottom-20&#8243; link=&#8220;url:https%3A%2F%2Fwww.amazon.de%2Fgp%2Fproduct%2FB07P2W1Q1P%2Fref%3Ddbs_a_def_rwt_bibl_vppi_i0|title:Shop|target:%20_blank|&#8220; css=&#8220;.vc_custom_1561150275765{margin-right: 7.5px !important;margin-left: 7.5px !important;}&#8220;][gsf_space desktop=&#8220;95&#8243; tablet=&#8220;80&#8243; tablet_portrait=&#8220;70&#8243; mobile_landscape=&#8220;40&#8243; mobile=&#8220;40&#8243;][\/vc_column][\/vc_row]<\/p>\n","protected":false},"excerpt":{"rendered":"<p>[vc_row css=&#8220;.vc_custom_1544058105337{background-color: #f4f3ec !important;}&#8220;][vc_column][\/vc_column][\/vc_row][vc_row content_width=&#8220;full&#8220; el_class=&#8220;vc_row-no-padding&#8220; css=&#8220;.vc_custom_1544058112484{background-color: #f4f3ec !important;}&#8220;][vc_column][rev_slider_vc alias=&#8220;Slider01&#8243;][\/vc_column][\/vc_row][vc_row content_placement=&#8220;middle&#8220; css=&#8220;.vc_custom_1542271138542{background-color: #f4f3ec !important;}&#8220;][vc_column el_class=&#8220;sm-mg-bottom-40&#8243; width=&#8220;1\/2&#8243; css=&#8220;.vc_custom_1545894959742{background-image: url(https:\/\/www.jennifer-b-wind.com\/wordpress-2019\/wp-content\/uploads\/2018\/11\/background_06.png?id=320) !important;background-position: center !important;background-repeat: no-repeat !important;background-size: cover !important;}&#8220; offset=&#8220;vc_col-md-5&#8243;][vc_single_image image=&#8220;1843&#8243; img_size=&#8220;full&#8220; alignment=&#8220;right&#8220; onclick=&#8220;custom_link&#8220; img_link_target=&#8220;_blank&#8220; css=&#8220;.vc_custom_1607464375469{padding-bottom: 30px !important;}&#8220; link=&#8220;http:\/\/https:\/\/www.amazon.de\/Die-Maske-Gewalt-Ein-Richard-Schwarz-Thriller-ebook\/dp\/B07P2W1Q1P\/ref=tmm_kin_swatch_0?_encoding=UTF8&#038;qid=1597842993&#038;sr=1-1-fdbae751-0fa5-4c0f-900b-865654896618https:\/\/www.amazon.de\/Die-Maske-Gewalt-Ein-Richard-Schwarz-Thriller-ebook\/dp\/B07P2W1Q1P\/ref=tmm_kin_swatch_0?_encoding=UTF8&#038;qid=1597842993&#038;sr=1-1-fdbae751-0fa5-4c0f-900b-865654896618&#8243;][\/vc_column][vc_column width=&#8220;1\/2&#8243; offset=&#8220;vc_col-md-offset-1&#8243;][vc_column_text el_class=&#8220;fs-15,mg-bottom-45&#8243; css=&#8220;.vc_custom_1607464485496{background-color: #ffffff !important;background-position: center !important;background-repeat: no-repeat !important;background-size: contain !important;}&#8220;] \u00bbDie Maske der Gewalt hat mich von der [&hellip;]<\/p>\n","protected":false},"author":1,"featured_media":0,"parent":850,"menu_order":0,"comment_status":"closed","ping_status":"closed","template":"","meta":[],"_links":{"self":[{"href":"https:\/\/www.jennifer-b-wind.com\/wordpress-2019\/wp-json\/wp\/v2\/pages\/291"}],"collection":[{"href":"https:\/\/www.jennifer-b-wind.com\/wordpress-2019\/wp-json\/wp\/v2\/pages"}],"about":[{"href":"https:\/\/www.jennifer-b-wind.com\/wordpress-2019\/wp-json\/wp\/v2\/types\/page"}],"author":[{"embeddable":true,"href":"https:\/\/www.jennifer-b-wind.com\/wordpress-2019\/wp-json\/wp\/v2\/users\/1"}],"replies":[{"embeddable":true,"href":"https:\/\/www.jennifer-b-wind.com\/wordpress-2019\/wp-json\/wp\/v2\/comments?post=291"}],"version-history":[{"count":11,"href":"https:\/\/www.jennifer-b-wind.com\/wordpress-2019\/wp-json\/wp\/v2\/pages\/291\/revisions"}],"predecessor-version":[{"id":3113,"href":"https:\/\/www.jennifer-b-wind.com\/wordpress-2019\/wp-json\/wp\/v2\/pages\/291\/revisions\/3113"}],"up":[{"embeddable":true,"href":"https:\/\/www.jennifer-b-wind.com\/wordpress-2019\/wp-json\/wp\/v2\/pages\/850"}],"wp:attachment":[{"href":"https:\/\/www.jennifer-b-wind.com\/wordpress-2019\/wp-json\/wp\/v2\/media?parent=291"}],"curies":[{"name":"wp","href":"https:\/\/api.w.org\/{rel}","templated":true}]}}