{"id":3372,"date":"2022-01-12T00:48:39","date_gmt":"2022-01-11T23:48:39","guid":{"rendered":"https:\/\/www.jennifer-b-wind.com\/wordpress-2019\/?page_id=3372"},"modified":"2024-03-10T21:05:56","modified_gmt":"2024-03-10T20:05:56","slug":"einmal-kurz-die-welt-retten","status":"publish","type":"page","link":"https:\/\/www.jennifer-b-wind.com\/wordpress-2019\/einmal-kurz-die-welt-retten\/","title":{"rendered":"Einmal kurz die Welt retten"},"content":{"rendered":"<p>[vc_row equal_height=&#8220;yes&#8220; content_placement=&#8220;middle&#8220; css=&#8220;.vc_custom_1542014395452{background-color: #f4f3ec !important;}&#8220;][vc_column][gsf_space desktop=&#8220;68&#8243; tablet=&#8220;55&#8243; tablet_portrait=&#8220;50&#8243; mobile_landscape=&#8220;45&#8243; mobile=&#8220;40&#8243;][\/vc_column][vc_column width=&#8220;1\/2&#8243;][gsf_page_title font_container=&#8220;text_align:left|color:%23333333&#8243; title_font_size_md=&#8220;34&#8243; title_font_size_sm=&#8220;28&#8243; title_font_size_mb=&#8220;24&#8243;][\/vc_column][vc_column width=&#8220;1\/2&#8243;][gsf_breadcrumbs align=&#8220;text-right&#8220; el_class=&#8220;sm-text-left&#8220;][\/vc_column][vc_column][gsf_space desktop=&#8220;67&#8243; tablet=&#8220;55&#8243; tablet_portrait=&#8220;50&#8243; mobile_landscape=&#8220;45&#8243; mobile=&#8220;40&#8243;][\/vc_column][\/vc_row][vc_row][vc_column][vc_column_text el_class=&#8220;&#8220;]<\/p>\n<h4>Hurra! Einmal kurz die Welt retten hat den goldenen Skoutz Award 2023 gewonnen!! Was f\u00fcr ein toller Preis! Danke an alle Leser*innen, die abgestimmt haben!<\/h4>\n<h4><img loading=\"lazy\" class=\"aligncenter wp-image-3791 size-full\" src=\"https:\/\/www.jennifer-b-wind.com\/wordpress-2019\/wp-content\/uploads\/2024\/03\/Design-ohne-Titel_20231201_213046_0000-e1710100344591.png\" alt=\"\" width=\"1080\" height=\"1464\" srcset=\"https:\/\/www.jennifer-b-wind.com\/wordpress-2019\/wp-content\/uploads\/2024\/03\/Design-ohne-Titel_20231201_213046_0000-e1710100344591.png 1080w, https:\/\/www.jennifer-b-wind.com\/wordpress-2019\/wp-content\/uploads\/2024\/03\/Design-ohne-Titel_20231201_213046_0000-e1710100344591-221x300.png 221w, https:\/\/www.jennifer-b-wind.com\/wordpress-2019\/wp-content\/uploads\/2024\/03\/Design-ohne-Titel_20231201_213046_0000-e1710100344591-755x1024.png 755w, https:\/\/www.jennifer-b-wind.com\/wordpress-2019\/wp-content\/uploads\/2024\/03\/Design-ohne-Titel_20231201_213046_0000-e1710100344591-768x1041.png 768w\" sizes=\"(max-width: 1080px) 100vw, 1080px\" \/><\/h4>\n<h4><\/h4>\n<h4>Die Geschichte von G\u00fcnter Neuwirth &#8222;Die alte Rassel, seine gute Pumpe&#8220; aus &#8222;Einmal kurz die Welt retten&#8220; wurde f\u00fcr den Friedrich Glauser Preis in der Sparte Kurzkrimi nominiert!! Bis Mai m\u00fcssen wir uns noch gedulden, dann wird der*die Gewinner*in bekannt gegeben!<\/h4>\n<p><a href=\"http:\/\/https:\/\/www.amazon.de\/Einmal-kurz-Welt-retten-Kriminalromane\/dp\/3839201284\/ref=tmm_pap_swatch_0?_encoding=UTF8&amp;qid=&amp;sr=\"><img loading=\"lazy\" class=\"alignnone wp-image-3660 size-full\" src=\"https:\/\/www.jennifer-b-wind.com\/wordpress-2019\/wp-content\/uploads\/2023\/02\/glauser.jpg\" alt=\"\" width=\"960\" height=\"551\" srcset=\"https:\/\/www.jennifer-b-wind.com\/wordpress-2019\/wp-content\/uploads\/2023\/02\/glauser.jpg 960w, https:\/\/www.jennifer-b-wind.com\/wordpress-2019\/wp-content\/uploads\/2023\/02\/glauser-300x172.jpg 300w, https:\/\/www.jennifer-b-wind.com\/wordpress-2019\/wp-content\/uploads\/2023\/02\/glauser-768x441.jpg 768w\" sizes=\"(max-width: 960px) 100vw, 960px\" \/><\/a><\/p>\n<h4>Am 9. M\u00e4rz 2022 erschien mein Herzensprojekt &#8222;Einmal kurz die Welt retten&#8220; im Gmeiner Verlag als Taschenbuch und E-Book.<\/h4>\n<h4>Es kam in die Top 25 beim Lovelybooks Community Award 2022 in der Kategorie Krimi\/Thriller!<\/h4>\n<p>&nbsp;<\/p>\n<h3><img loading=\"lazy\" class=\"wp-image-3650 size-full aligncenter\" src=\"https:\/\/www.jennifer-b-wind.com\/wordpress-2019\/wp-content\/uploads\/2022\/12\/Lovelybooks-Buch-plus-Banner-alleine-2022.jpg\" alt=\"\" width=\"269\" height=\"432\" srcset=\"https:\/\/www.jennifer-b-wind.com\/wordpress-2019\/wp-content\/uploads\/2022\/12\/Lovelybooks-Buch-plus-Banner-alleine-2022.jpg 269w, https:\/\/www.jennifer-b-wind.com\/wordpress-2019\/wp-content\/uploads\/2022\/12\/Lovelybooks-Buch-plus-Banner-alleine-2022-187x300.jpg 187w\" sizes=\"(max-width: 269px) 100vw, 269px\" \/>Liebe Redakteur:innen<\/h3>\n<h3>PRESSEINFORMATIONEN FINDEN SIE <a href=\"https:\/\/www.jennifer-b-wind.com\/wordpress-2019\/pressecorner\/\"><span style=\"color: #3366ff;\">HIER<\/span><\/a><\/h3>\n<p>&nbsp;<\/p>\n<p>&nbsp;<\/p>\n<h4><a href=\"https:\/\/www.amazon.de\/Einmal-kurz-Welt-retten-Kriminalromane\/dp\/3839201284\/ref=tmm_pap_swatch_0?_encoding=UTF8&amp;qid=1641944797&amp;sr=8-4\"><img loading=\"lazy\" class=\"aligncenter wp-image-3323 size-full\" src=\"https:\/\/www.jennifer-b-wind.com\/wordpress-2019\/wp-content\/uploads\/2021\/11\/welt-retten-hochaufl\u00f6sung.jpg\" alt=\"\" width=\"1200\" height=\"2000\" srcset=\"https:\/\/www.jennifer-b-wind.com\/wordpress-2019\/wp-content\/uploads\/2021\/11\/welt-retten-hochaufl\u00f6sung.jpg 1200w, https:\/\/www.jennifer-b-wind.com\/wordpress-2019\/wp-content\/uploads\/2021\/11\/welt-retten-hochaufl\u00f6sung-180x300.jpg 180w, https:\/\/www.jennifer-b-wind.com\/wordpress-2019\/wp-content\/uploads\/2021\/11\/welt-retten-hochaufl\u00f6sung-768x1280.jpg 768w, https:\/\/www.jennifer-b-wind.com\/wordpress-2019\/wp-content\/uploads\/2021\/11\/welt-retten-hochaufl\u00f6sung-614x1024.jpg 614w\" sizes=\"(max-width: 1200px) 100vw, 1200px\" \/><\/a>Die Welt steht vor dem Kollaps. Den f\u00fchrenden Wissenschaftlern zufolge werden im Jahr 2052 wichtige Ressourcen aufgebraucht und gro\u00dfe Teile der Welt aufgrund des Klimawandels unbewohnbar sein. Milliarden Menschen drohen Obdachlosigkeit, Hunger und Armut. 24 dramatische, sarkastische, skurrile und tiefsinnige Kurzgeschichten deutschsprachiger Topautorinnen und -autoren widmen sich den dr\u00e4ngendsten Themen unserer Zeit und regen zum Nachdenken an. Sie sind ein Appell an uns alle: Der Kampf um das Morgen muss heute beginnen!<\/h4>\n<h4><\/h4>\n<h4>Mit Geschichten von Dieter Aurass, Raoul Biltgen, Katja Brandis, Veronika A. Grager, Anne Grie\u00dfer, Petra K. Gungl, Reinhard Kleindl, Regine K\u00f6lpin, Beatrix Klamlovsky, Uwe Laub, Mari M\u00e4rz, G\u00fcnter Neuwirth, Regina Schleheck, Claudia Schmid, Ursula Schmid-Spreer, Ingrid Schmitz, Alex Thomas, Heidi Troi, Eva Maria Nielsen, Fenna Williams, Barbara Wimmer, Janet Zentel und Jennifer B. Wind.<\/h4>\n<p>&nbsp;[\/vc_column_text][\/vc_column][\/vc_row][vc_row][vc_column][vc_column_text]<\/p>\n<h2><span style=\"color: #3366ff;\">Bist du Redakteur*in, Rezensent*in oder Blogger*in und m\u00f6chtest dieses Buch gerne\u00a0 lesen, dann melde dich bitte beim Gmeiner Verlag oder bei mir. <\/span><\/h2>\n<p>[\/vc_column_text][\/vc_column][\/vc_row][vc_row][vc_column][gsf_testimonials layout_style=&#8220;style-02&#8243; values=&#8220;%5B%7B%22author_name%22%3A%22Team%20Buchmagie%22%2C%22author_job%22%3A%22Blog%22%2C%22author_bio%22%3A%22%5C%22%5C%22Einmal%20kurz%20die%20Welt%20retten%5C%22%2C%20ist%20ein%20Appell%20an%20uns%20alle%2C%20so%20laden%2024%20Kurzgeschichten%2C%20mal%20auf%20dramatische%2C%20mal%20auf%20sarkastisch%2C%20skurille%20Art%20und%20Weise%20zum%20Nachdenken%20an.Bei%20mir%20kam%20die%20Botschaft%20der%20Autoren%20an%20und%20ich%20hoffe%20bei%20ganz%20vielen%20anderen%20Lesern%20auch.%5C%22%22%2C%22author_avatar%22%3A%22309%22%2C%22user_rating%22%3A%225%22%7D%2C%7B%22author_name%22%3A%22Daniela%20Weigel%22%2C%22author_job%22%3A%22Danis%20kleine%20B%C3%BCcherwelt%20-%20Blog%22%2C%22author_bio%22%3A%22Besonders%20toll%20fand%20ich%20die%20Hintergrund%20Fakten%20am%20Ende%20jeder%20Geschichte%2C%20die%20aufzeigen%20das%20viele%20dieser%20Ereignisse%2C%20die%20von%20den%20Autoren%20hier%20aufgegriffen%20werden%2C%20bereits%20begonnen%20haben.Von%20mir%20gibt%20es%205%20%E2%AD%90%E2%AD%90%E2%AD%90%E2%AD%90%E2%AD%90%20und%20eine%20Leseempfehlung!%20%5Cn%5Cn%22%2C%22author_avatar%22%3A%22268%22%2C%22user_rating%22%3A%225%22%7D%2C%7B%22author_name%22%3A%22Krimine%22%2C%22author_job%22%3A%22Blog%22%2C%22author_bio%22%3A%22Eine%20vielf%C3%A4ltige%20und%20teilweise%20sehr%20d%C3%BCstere%20Kurzgeschichtensammlung%2C%20die%20aufr%C3%BCttelt%20und%20bewegt.%20Aber%20auch%20eine%20Sammlung%2C%20die%20Hoffnung%20gibt.%20Wie%20Jennifer%20B.%20Wind%20in%20ihrer%20letzten%20Story%20mit%20dem%20Titel%20%E2%80%9EGreen%20Reset%E2%80%9C%20vor%20Augen%20f%C3%BChrt.%20Hier%20schaut%20sie%20in%20eine%20Zukunft%2C%20die%20den%20Menschen%20zur%C3%BCck%20zu%20seinem%20Ursprung%20bringt%2C%20in%20eine%20Welt%2C%20die%20nicht%20konsumbelastet%20und%20voller%20fruchtbarem%20Leben%20ist%22%2C%22user_rating%22%3A%225%22%7D%2C%7B%22author_name%22%3A%22NRW%20Alternativ%22%2C%22author_job%22%3A%22Magazin%22%2C%22author_bio%22%3A%22%5C%22W%C3%A4re%20es%20nicht%20sch%C3%B6n%2C%20k%C3%B6nnten%20wir%20%5C%22einmal%20kurz%20die%20Welt%20retten%3F%20Das%20sind%20die%20gro%C3%9Fen%20Fragen%2C%20die%20mit%20dieser%20Anthologie%20aufgeworfen%20werden.%20Wenn%20nur%20einige%20der%20Lesenden%20nach%20der%20Lekt%C3%BCre%20etwas%20weniger%20klimasch%C3%A4dlich%20leben%20w%C3%BCrden%2C%20w%C3%A4re%20schon%20viel%20gewonnen.%20%5C%22%22%2C%22author_avatar%22%3A%223550%22%2C%22user_rating%22%3A%225%22%7D%2C%7B%22author_bio%22%3A%22%5C%22Nicht%20alle%20Geschichten%20sind%20Krimis.%20Manche%20sind%20auch%20einfach%20nur%20Dystopien%20oder%20Utopien.%20Gerade%20durch%20die%20Hintergrundfakten%20wird%20klar%2C%20dass%20es%20bei%20den%20Szenarien%20eben%20nicht%20nur%20um%20reine%20Hirngespinste%20geht%2C%20die%20nur%20unterhalten%20sollen.%20Auch%20wenn%20ihr%20sonst%20keine%20Anthologien%20lest%3A%20Es%20lohnt%20sich!%5C%22%22%2C%22author_avatar%22%3A%223551%22%2C%22user_rating%22%3A%225%22%2C%22author_link%22%3A%22https%3A%2F%2Fingoschreibtanders.blog%2F2022%2F03%2F20%2Frezension-einmal-kurz-die-welt-retten-jennifer-b-wind-hrsg%2F%22%7D%2C%7B%22author_name%22%3A%22Mathias%20Ziegler%22%2C%22author_job%22%3A%22Wiener%20Zeitung%22%2C%22author_bio%22%3A%22%5C%22Der%20Sammelband%20ist%20ein%20buntes%20Potpourrie%20aus%20Themen%20und%20Erz%C3%A4hlstilen%2C%20in%20denen%20der%20Fantasie%20v%C3%B6llig%20freier%20Lauf%20gelassen%20wird.%20Hoffen%20wir%2C%20das%20vieles%20davon%20doch%20nicht%20so%20eintreten%20wird%20.%20.%20.%5C%22%22%2C%22author_avatar%22%3A%22527%22%2C%22user_rating%22%3A%225%22%2C%22author_link%22%3A%22https%3A%2F%2Fwww.wienerzeitung.at%2Fnachrichten%2Fkultur%2Fliteratur%2F2140719-Moerderische-Zukunftsvisionen.html%22%7D%2C%7B%22author_name%22%3A%22Madonna%22%2C%22author_job%22%3A%22Magazin%22%2C%22author_bio%22%3A%22Dass%20der%20Klimawandel%20an%20sich%20schon%20eine%20nervenaufreibende%20Geschichte%20mit%20oft%20katastrophalen%20Auswirkungen%20ist%2C%20ist%20nicht%20von%20der%20Hand%20zu%20weisen.%20Dieser%20Dringlichkeit%20sind%20sich%20auch%20deutschsprachige%20Top-Autor%3Ainnen%20bewusst%2C%20die%20einen%20ganz%20anderen%20Weg%20gehen%2C%20um%20Menschen%20zu%20erreichen%20und%20aufzur%C3%BCtteln%3A%20In%20%E2%80%9EEinmal%20kurz%20die%20Welt%20retten%E2%80%9C%20zeigen%2024%20dramatische%2C%20sarkastische%20oder%20tiefsinnige%20Kurzgeschichten%2C%20dass%20es%20sprichw%C3%B6rtlich%20%E2%80%9Eeine%20Minute%20vor%20zw%C3%B6lf%E2%80%9C%20ist%20%E2%80%93%20aber%20noch%20nicht%20alles%20verloren%20ist.%22%2C%22author_avatar%22%3A%22417%22%2C%22user_rating%22%3A%225%22%7D%2C%7B%22author_name%22%3A%22Lesenswertes%20aus%20dem%20B%C3%BCcherhaus%22%2C%22author_job%22%3A%22Blog%22%2C%22author_bio%22%3A%22Die%20meisten%20der%20Autorinnen%20und%20Autoren%20haben%20es%20geschafft%2C%20mich%20trotz%20des%20sehr%20ernsten%20Themas%20zu%20unterhalten.Ich%20gebe%20f%C3%BCr%20das%20Buch%20eine%20Leseempfehlung%2C%20auch%20wenn%20es%20sich%20nicht%20ausnahmslos%20um%20Krimis%20handelt%2C%20aber%20das%20habe%20ich%20nicht%20vermisst.%20%22%2C%22author_avatar%22%3A%22251%22%2C%22user_rating%22%3A%225%22%2C%22author_link%22%3A%22https%3A%2F%2Flesenswertesausdembuecherhaus.blogspot.com%2F2022%2F03%2Feinmal-kurz-die-welt-retten.html%22%7D%2C%7B%22author_name%22%3A%22Lizzy123%22%2C%22author_job%22%3A%22Lovelybooks%22%2C%22author_bio%22%3A%22%5C%22Ich%20kann%20dieses%20Buch%20wirklich%20empfehlen%20und%20hoffe%2C%20dass%20es%20so%20viele%20Menschen%20wie%20m%C3%B6glich%20lesen%2C%20auch%20aus%20Schullekt%C3%BCre%20k%C3%B6nnte%20ich%20es%20mir%20gut%20vorstellen.%20Der%20Klimawandel%20geht%20uns%20alle%20etwas%20an!%20%5C%22%22%2C%22author_avatar%22%3A%22353%22%2C%22user_rating%22%3A%225%22%7D%5D&#8220; dots=&#8220;on&#8220; nav=&#8220;on&#8220; nav_style=&#8220;nav-style-01&#8243; nav_hover_style=&#8220;nav-hover-bg&#8220;][\/vc_column][\/vc_row]<\/p>\n","protected":false},"excerpt":{"rendered":"<p>[vc_row equal_height=&#8220;yes&#8220; content_placement=&#8220;middle&#8220; css=&#8220;.vc_custom_1542014395452{background-color: #f4f3ec !important;}&#8220;][vc_column][gsf_space desktop=&#8220;68&#8243; tablet=&#8220;55&#8243; tablet_portrait=&#8220;50&#8243; mobile_landscape=&#8220;45&#8243; mobile=&#8220;40&#8243;][\/vc_column][vc_column width=&#8220;1\/2&#8243;][gsf_page_title font_container=&#8220;text_align:left|color:%23333333&#8243; title_font_size_md=&#8220;34&#8243; title_font_size_sm=&#8220;28&#8243; title_font_size_mb=&#8220;24&#8243;][\/vc_column][vc_column width=&#8220;1\/2&#8243;][gsf_breadcrumbs align=&#8220;text-right&#8220; el_class=&#8220;sm-text-left&#8220;][\/vc_column][vc_column][gsf_space desktop=&#8220;67&#8243; tablet=&#8220;55&#8243; tablet_portrait=&#8220;50&#8243; mobile_landscape=&#8220;45&#8243; mobile=&#8220;40&#8243;][\/vc_column][\/vc_row][vc_row][vc_column][vc_column_text el_class=&#8220;&#8220;] Hurra! Einmal kurz die Welt retten hat den goldenen Skoutz Award 2023 gewonnen!! Was f\u00fcr ein toller Preis! Danke an alle Leser*innen, die abgestimmt haben! Die Geschichte von G\u00fcnter Neuwirth [&hellip;]<\/p>\n","protected":false},"author":2,"featured_media":0,"parent":0,"menu_order":0,"comment_status":"closed","ping_status":"closed","template":"","meta":[],"_links":{"self":[{"href":"https:\/\/www.jennifer-b-wind.com\/wordpress-2019\/wp-json\/wp\/v2\/pages\/3372"}],"collection":[{"href":"https:\/\/www.jennifer-b-wind.com\/wordpress-2019\/wp-json\/wp\/v2\/pages"}],"about":[{"href":"https:\/\/www.jennifer-b-wind.com\/wordpress-2019\/wp-json\/wp\/v2\/types\/page"}],"author":[{"embeddable":true,"href":"https:\/\/www.jennifer-b-wind.com\/wordpress-2019\/wp-json\/wp\/v2\/users\/2"}],"replies":[{"embeddable":true,"href":"https:\/\/www.jennifer-b-wind.com\/wordpress-2019\/wp-json\/wp\/v2\/comments?post=3372"}],"version-history":[{"count":10,"href":"https:\/\/www.jennifer-b-wind.com\/wordpress-2019\/wp-json\/wp\/v2\/pages\/3372\/revisions"}],"predecessor-version":[{"id":3792,"href":"https:\/\/www.jennifer-b-wind.com\/wordpress-2019\/wp-json\/wp\/v2\/pages\/3372\/revisions\/3792"}],"wp:attachment":[{"href":"https:\/\/www.jennifer-b-wind.com\/wordpress-2019\/wp-json\/wp\/v2\/media?parent=3372"}],"curies":[{"name":"wp","href":"https:\/\/api.w.org\/{rel}","templated":true}]}}