{"id":3411,"date":"2022-02-09T14:11:03","date_gmt":"2022-02-09T13:11:03","guid":{"rendered":"https:\/\/www.jennifer-b-wind.com\/wordpress-2019\/?page_id=3411"},"modified":"2022-02-20T21:04:14","modified_gmt":"2022-02-20T20:04:14","slug":"toedlicher-maskentanz","status":"publish","type":"page","link":"https:\/\/www.jennifer-b-wind.com\/wordpress-2019\/toedlicher-maskentanz\/","title":{"rendered":"T\u00f6dlicher Maskentanz"},"content":{"rendered":"<p>[vc_row equal_height=&#8220;yes&#8220; content_placement=&#8220;middle&#8220; css=&#8220;.vc_custom_1542014395452{background-color: #f4f3ec !important;}&#8220;][vc_column][gsf_space desktop=&#8220;68&#8243; tablet=&#8220;55&#8243; tablet_portrait=&#8220;50&#8243; mobile_landscape=&#8220;45&#8243; mobile=&#8220;40&#8243;][\/vc_column][vc_column width=&#8220;1\/2&#8243;][gsf_page_title font_container=&#8220;text_align:left|color:%23333333&#8243; title_font_size_md=&#8220;34&#8243; title_font_size_sm=&#8220;28&#8243; title_font_size_mb=&#8220;24&#8243;][\/vc_column][vc_column width=&#8220;1\/2&#8243;][gsf_breadcrumbs align=&#8220;text-right&#8220; el_class=&#8220;sm-text-left&#8220;][\/vc_column][vc_column][gsf_space desktop=&#8220;67&#8243; tablet=&#8220;55&#8243; tablet_portrait=&#8220;50&#8243; mobile_landscape=&#8220;45&#8243; mobile=&#8220;40&#8243;][\/vc_column][\/vc_row][vc_row][vc_column][vc_column_text]<\/p>\n<h4><\/h4>\n<h4><span class=\"a-text-bold\"><u>Ein spannender Kurzthriller mit dem ungew\u00f6hnlichen Ermittler Richard Schwarz aus der Bildbestseller<\/u><\/span><span class=\"a-text-bold\">&#8211;<\/span><span class=\"a-text-bold\"><u>Thriller-Serie<\/u><\/span><\/h4>\n<h4><span class=\"a-text-italic\"><a href=\"https:\/\/www.amazon.de\/gp\/product\/B09RZKP1H8\/ref=dbs_a_def_rwt_hsch_vapi_tkin_p2_i5\"><img loading=\"lazy\" class=\"aligncenter wp-image-3409 size-full\" src=\"https:\/\/www.jennifer-b-wind.com\/wordpress-2019\/wp-content\/uploads\/2022\/02\/U1-T\u00f6dlicher-Maskentanz-Wind-neu.jpg\" alt=\"\" width=\"1600\" height=\"2434\" srcset=\"https:\/\/www.jennifer-b-wind.com\/wordpress-2019\/wp-content\/uploads\/2022\/02\/U1-T\u00f6dlicher-Maskentanz-Wind-neu.jpg 1600w, https:\/\/www.jennifer-b-wind.com\/wordpress-2019\/wp-content\/uploads\/2022\/02\/U1-T\u00f6dlicher-Maskentanz-Wind-neu-197x300.jpg 197w, https:\/\/www.jennifer-b-wind.com\/wordpress-2019\/wp-content\/uploads\/2022\/02\/U1-T\u00f6dlicher-Maskentanz-Wind-neu-768x1168.jpg 768w, https:\/\/www.jennifer-b-wind.com\/wordpress-2019\/wp-content\/uploads\/2022\/02\/U1-T\u00f6dlicher-Maskentanz-Wind-neu-673x1024.jpg 673w\" sizes=\"(max-width: 1600px) 100vw, 1600px\" \/><\/a>\u00bbDie einzige M\u00f6glichkeit, die es sonst noch gibt, ist, dass ich selbst der M\u00f6rder bin.\u00ab<\/span> (Richard Schwarz)<\/h4>\n<blockquote>\n<p>Auftakt der Ball und Partysaison in Wien. Der Kriminalbeamte Richard Schwarz ist nicht der Typ f\u00fcr gesellschaftliche Anl\u00e4sse und Partys. Nachdem seine Angebetete aber nicht daran denkt, sich von ihrem Ehemann zu trennen, und sein Kumpel Paul ihn bei Tinder anmeldet, flattert prompt eine Einladung zu einem geheimen Silvesterball ins Haus, inklusive Blind Date, denn es handelt sich um eine Kost\u00fcmparty. Am n\u00e4chsten Morgen erwacht Richard Schwarz blutbesudelt neben einer ihm unbekannten Toten, und sein Blind Date ist spurlos verschwunden. Gleich zwei knifflige F\u00e4lle, die er so rasch als m\u00f6glich l\u00f6sen muss, denn er selbst ist der Hauptverd\u00e4chtige&#8230;<\/p>\n<\/blockquote>\n<h5><span class=\"a-text-italic\">Die Kurzgeschichte spielt zwischen Band 2 und 3 der Richard Schwarz Thriller Serie, kann aber unabh\u00e4ngig von den Romanen gelesen werden.<\/span><\/h5>\n<p><span class=\"a-text-bold\">Dieser Kurzthriller geh\u00f6rt au\u00dferdem zu der Reihe \u201eBlind Date mit dem Tod\u201c<\/span><\/p>\n<h6><span class=\"a-text-bold\">DIE.MORD(S)LUSTIGEN<\/span> ist eine Autorenvereinigung, in der sich Schriftsteller zusammengefunden haben, die alle Formen der Spannungsliteratur ver\u00f6ffentlichen. Jeder von uns Mordslustigen verfasste eine Geschichte zu dem Untertitel \u201eBlind Date mit dem Tod\u201c. Dar\u00fcber hinaus bestimmten wir gemeinsam folgende Rahmenbedingungen: die Verwendung des Begriffs \u00bbmordslustig\u00ab und eine Autorin oder einen Autor als handlungsrelevante Person.<br \/>\nViel Spa\u00df mit meiner Variante zum Thema.<\/h6>\n<p>&nbsp;<\/p>\n<p>&nbsp;[\/vc_column_text][vc_column_text]<iframe loading=\"lazy\" type=\"text\/html\" sandbox=\"allow-scripts allow-same-origin allow-popups\" width=\"336\" height=\"550\" frameborder=\"0\" allowfullscreen style=\"max-width:100%\" src=\"https:\/\/lesen.amazon.de\/kp\/card?asin=B09RZKP1H8&#038;preview=inline&#038;linkCode=kpe&#038;ref_=cm_sw_r_kb_dp_NSANF3DDPAX83R15VVYT\" ><\/iframe>[\/vc_column_text][\/vc_column][\/vc_row][vc_row][vc_column][vc_btn title=&#8220;Jetzt bei Amazon kaufen!&#8220; shape=&#8220;square&#8220; color=&#8220;primary&#8220; link=&#8220;url:https%3A%2F%2Fwww.amazon.de%2Fgp%2Fproduct%2FB09RZKP1H8%2Fref%3Ddbs_a_def_rwt_hsch_vapi_tkin_p2_i5|||&#8220;][\/vc_column][\/vc_row][vc_row][vc_column][vc_btn title=&#8220;Jetzt bei Thalia kaufen!&#8220; color=&#8220;vista-blue&#8220; link=&#8220;url:https%3A%2F%2Fwww.thalia.at%2Fshop%2Fhome%2Fartikeldetails%2FA1063168713|||&#8220;][\/vc_column][\/vc_row][vc_row][vc_column][vc_btn title=&#8220;Jetzt bei Weltbild kaufen!&#8220; color=&#8220;pink&#8220; link=&#8220;url:https%3A%2F%2Fwww.weltbild.at%2Fartikel%2Febook%2Ftoedlicher-maskentanz-ein-richard-schwarz-kurzthriller_37180936-1%3Fln%3DU3VjaGV8U3VjaGVyZ2Vibmlz|||&#8220;][\/vc_column][\/vc_row][vc_row][vc_column][vc_btn title=&#8220;Jetzt bei Press and Books kaufen!&#8220; color=&#8220;black&#8220; link=&#8220;url:https%3A%2F%2Fpressbooks.buchkatalog.at%2FProduct%2F3000004415168%2F88705%2F10002%2F-3%2FE-Books_Krimi-und-Thriller%2FJennifer-B-Wind%2FToedlicher-Maskentanz-Ein-Richard-Schwarz-Kurzthriller%2F4099276460822241451%2F4099276460822241449%2F4099276460822241449|||&#8220;][\/vc_column][\/vc_row]<\/p>\n","protected":false},"excerpt":{"rendered":"<p>[vc_row equal_height=&#8220;yes&#8220; content_placement=&#8220;middle&#8220; css=&#8220;.vc_custom_1542014395452{background-color: #f4f3ec !important;}&#8220;][vc_column][gsf_space desktop=&#8220;68&#8243; tablet=&#8220;55&#8243; tablet_portrait=&#8220;50&#8243; mobile_landscape=&#8220;45&#8243; mobile=&#8220;40&#8243;][\/vc_column][vc_column width=&#8220;1\/2&#8243;][gsf_page_title font_container=&#8220;text_align:left|color:%23333333&#8243; title_font_size_md=&#8220;34&#8243; title_font_size_sm=&#8220;28&#8243; title_font_size_mb=&#8220;24&#8243;][\/vc_column][vc_column width=&#8220;1\/2&#8243;][gsf_breadcrumbs align=&#8220;text-right&#8220; el_class=&#8220;sm-text-left&#8220;][\/vc_column][vc_column][gsf_space desktop=&#8220;67&#8243; tablet=&#8220;55&#8243; tablet_portrait=&#8220;50&#8243; mobile_landscape=&#8220;45&#8243; mobile=&#8220;40&#8243;][\/vc_column][\/vc_row][vc_row][vc_column][vc_column_text] Ein spannender Kurzthriller mit dem ungew\u00f6hnlichen Ermittler Richard Schwarz aus der Bildbestseller&#8211;Thriller-Serie \u00bbDie einzige M\u00f6glichkeit, die es sonst noch gibt, ist, dass ich selbst der M\u00f6rder bin.\u00ab (Richard Schwarz) Auftakt der [&hellip;]<\/p>\n","protected":false},"author":2,"featured_media":0,"parent":0,"menu_order":0,"comment_status":"closed","ping_status":"closed","template":"","meta":[],"_links":{"self":[{"href":"https:\/\/www.jennifer-b-wind.com\/wordpress-2019\/wp-json\/wp\/v2\/pages\/3411"}],"collection":[{"href":"https:\/\/www.jennifer-b-wind.com\/wordpress-2019\/wp-json\/wp\/v2\/pages"}],"about":[{"href":"https:\/\/www.jennifer-b-wind.com\/wordpress-2019\/wp-json\/wp\/v2\/types\/page"}],"author":[{"embeddable":true,"href":"https:\/\/www.jennifer-b-wind.com\/wordpress-2019\/wp-json\/wp\/v2\/users\/2"}],"replies":[{"embeddable":true,"href":"https:\/\/www.jennifer-b-wind.com\/wordpress-2019\/wp-json\/wp\/v2\/comments?post=3411"}],"version-history":[{"count":4,"href":"https:\/\/www.jennifer-b-wind.com\/wordpress-2019\/wp-json\/wp\/v2\/pages\/3411\/revisions"}],"predecessor-version":[{"id":3428,"href":"https:\/\/www.jennifer-b-wind.com\/wordpress-2019\/wp-json\/wp\/v2\/pages\/3411\/revisions\/3428"}],"wp:attachment":[{"href":"https:\/\/www.jennifer-b-wind.com\/wordpress-2019\/wp-json\/wp\/v2\/media?parent=3411"}],"curies":[{"name":"wp","href":"https:\/\/api.w.org\/{rel}","templated":true}]}}

Tödlicher Maskentanz

<p>[vc_row equal_height=&#8220;yes&#8220; content_placement=&#8220;middle&#8220; css=&#8220;.vc_custom_1542014395452{background-color: #f4f3ec !important;}&#8220;][vc_column][gsf_space desktop=&#8220;68&#8243; tablet=&#8220;55&#8243; tablet_portrait=&#8220;50&#8243; mobile_landscape=&#8220;45&#8243; mobile=&#8220;40&#8243;][/vc_column][vc_column width=&#8220;1/2&#8243;][gsf_page_title font_container=&#8220;text_align:left|color:%23333333&#8243; title_font_size_md=&#8220;34&#8243; title_font_size_sm=&#8220;28&#8243; title_font_size_mb=&#8220;24&#8243;][/vc_column][vc_column width=&#8220;1/2&#8243;][gsf_breadcrumbs align=&#8220;text-right&#8220; el_class=&#8220;sm-text-left&#8220;][/vc_column][vc_column][gsf_space desktop=&#8220;67&#8243; tablet=&#8220;55&#8243; tablet_portrait=&#8220;50&#8243; mobile_landscape=&#8220;45&#8243; mobile=&#8220;40&#8243;][/vc_column][/vc_row][vc_row][vc_column][vc_column_text]</p>
<h4></h4>
<h4><span class="a-text-bold"><u>Ein spannender Kurzthriller mit dem ungewöhnlichen Ermittler Richard Schwarz aus der Bildbestseller</u></span><span class="a-text-bold">&#8211;</span><span class="a-text-bold"><u>Thriller-Serie</u></span></h4>
<h4><span class="a-text-italic"><a href="https://www.amazon.de/gp/product/B09RZKP1H8/ref=dbs_a_def_rwt_hsch_vapi_tkin_p2_i5"><img loading="lazy" class="aligncenter wp-image-3409 size-full" src="https://www.jennifer-b-wind.com/wordpress-2019/wp-content/uploads/2022/02/U1-Tödlicher-Maskentanz-Wind-neu.jpg" alt="" width="1600" height="2434" srcset="https://www.jennifer-b-wind.com/wordpress-2019/wp-content/uploads/2022/02/U1-Tödlicher-Maskentanz-Wind-neu.jpg 1600w, https://www.jennifer-b-wind.com/wordpress-2019/wp-content/uploads/2022/02/U1-Tödlicher-Maskentanz-Wind-neu-197x300.jpg 197w, https://www.jennifer-b-wind.com/wordpress-2019/wp-content/uploads/2022/02/U1-Tödlicher-Maskentanz-Wind-neu-768x1168.jpg 768w, https://www.jennifer-b-wind.com/wordpress-2019/wp-content/uploads/2022/02/U1-Tödlicher-Maskentanz-Wind-neu-673x1024.jpg 673w" sizes="(max-width: 1600px) 100vw, 1600px" /></a>»Die einzige Möglichkeit, die es sonst noch gibt, ist, dass ich selbst der Mörder bin.«</span> (Richard Schwarz)</h4>
<blockquote>
<p>Auftakt der Ball und Partysaison in Wien. Der Kriminalbeamte Richard Schwarz ist nicht der Typ für gesellschaftliche Anlässe und Partys. Nachdem seine Angebetete aber nicht daran denkt, sich von ihrem Ehemann zu trennen, und sein Kumpel Paul ihn bei Tinder anmeldet, flattert prompt eine Einladung zu einem geheimen Silvesterball ins Haus, inklusive Blind Date, denn es handelt sich um eine Kostümparty. Am nächsten Morgen erwacht Richard Schwarz blutbesudelt neben einer ihm unbekannten Toten, und sein Blind Date ist spurlos verschwunden. Gleich zwei knifflige Fälle, die er so rasch als möglich lösen muss, denn er selbst ist der Hauptverdächtige&#8230;</p>
</blockquote>
<h5><span class="a-text-italic">Die Kurzgeschichte spielt zwischen Band 2 und 3 der Richard Schwarz Thriller Serie, kann aber unabhängig von den Romanen gelesen werden.</span></h5>
<p><span class="a-text-bold">Dieser Kurzthriller gehört außerdem zu der Reihe „Blind Date mit dem Tod“</span></p>
<h6><span class="a-text-bold">DIE.MORD(S)LUSTIGEN</span> ist eine Autorenvereinigung, in der sich Schriftsteller zusammengefunden haben, die alle Formen der Spannungsliteratur veröffentlichen. Jeder von uns Mordslustigen verfasste eine Geschichte zu dem Untertitel „Blind Date mit dem Tod“. Darüber hinaus bestimmten wir gemeinsam folgende Rahmenbedingungen: die Verwendung des Begriffs »mordslustig« und eine Autorin oder einen Autor als handlungsrelevante Person.<br />
Viel Spaß mit meiner Variante zum Thema.</h6>
<p>&nbsp;</p>
<p>&nbsp;[/vc_column_text][vc_column_text]<iframe loading="lazy" type="text/html" sandbox="allow-scripts allow-same-origin allow-popups" width="336" height="550" frameborder="0" allowfullscreen style="max-width:100%" src="https://lesen.amazon.de/kp/card?asin=B09RZKP1H8&#038;preview=inline&#038;linkCode=kpe&#038;ref_=cm_sw_r_kb_dp_NSANF3DDPAX83R15VVYT" ></iframe>[/vc_column_text][/vc_column][/vc_row][vc_row][vc_column][vc_btn title=&#8220;Jetzt bei Amazon kaufen!&#8220; shape=&#8220;square&#8220; color=&#8220;primary&#8220; link=&#8220;url:https%3A%2F%2Fwww.amazon.de%2Fgp%2Fproduct%2FB09RZKP1H8%2Fref%3Ddbs_a_def_rwt_hsch_vapi_tkin_p2_i5|||&#8220;][/vc_column][/vc_row][vc_row][vc_column][vc_btn title=&#8220;Jetzt bei Thalia kaufen!&#8220; color=&#8220;vista-blue&#8220; link=&#8220;url:https%3A%2F%2Fwww.thalia.at%2Fshop%2Fhome%2Fartikeldetails%2FA1063168713|||&#8220;][/vc_column][/vc_row][vc_row][vc_column][vc_btn title=&#8220;Jetzt bei Weltbild kaufen!&#8220; color=&#8220;pink&#8220; link=&#8220;url:https%3A%2F%2Fwww.weltbild.at%2Fartikel%2Febook%2Ftoedlicher-maskentanz-ein-richard-schwarz-kurzthriller_37180936-1%3Fln%3DU3VjaGV8U3VjaGVyZ2Vibmlz|||&#8220;][/vc_column][/vc_row][vc_row][vc_column][vc_btn title=&#8220;Jetzt bei Press and Books kaufen!&#8220; color=&#8220;black&#8220; link=&#8220;url:https%3A%2F%2Fpressbooks.buchkatalog.at%2FProduct%2F3000004415168%2F88705%2F10002%2F-3%2FE-Books_Krimi-und-Thriller%2FJennifer-B-Wind%2FToedlicher-Maskentanz-Ein-Richard-Schwarz-Kurzthriller%2F4099276460822241451%2F4099276460822241449%2F4099276460822241449|||&#8220;][/vc_column][/vc_row]</p>

<p>[vc_row equal_height=&#8220;yes&#8220; content_placement=&#8220;middle&#8220; css=&#8220;.vc_custom_1542014395452{background-color: #f4f3ec !important;}&#8220;][vc_column][gsf_space desktop=&#8220;68&#8243; tablet=&#8220;55&#8243; tablet_portrait=&#8220;50&#8243; mobile_landscape=&#8220;45&#8243; mobile=&#8220;40&#8243;][/vc_column][vc_column width=&#8220;1/2&#8243;][gsf_page_title font_container=&#8220;text_align:left|color:%23333333&#8243; title_font_size_md=&#8220;34&#8243; title_font_size_sm=&#8220;28&#8243; title_font_size_mb=&#8220;24&#8243;][/vc_column][vc_column width=&#8220;1/2&#8243;][gsf_breadcrumbs align=&#8220;text-right&#8220; el_class=&#8220;sm-text-left&#8220;][/vc_column][vc_column][gsf_space desktop=&#8220;67&#8243; tablet=&#8220;55&#8243; tablet_portrait=&#8220;50&#8243; mobile_landscape=&#8220;45&#8243; mobile=&#8220;40&#8243;][/vc_column][/vc_row][vc_row][vc_column][vc_column_text] Ein spannender Kurzthriller mit dem ungewöhnlichen Ermittler Richard Schwarz aus der Bildbestseller&#8211;Thriller-Serie »Die einzige Möglichkeit, die es sonst noch gibt, ist, dass ich selbst der Mörder bin.« (Richard Schwarz) Auftakt der [&hellip;]</p>
