{"id":2267,"date":"2019-07-10T16:44:00","date_gmt":"2019-07-10T14:44:00","guid":{"rendered":"https:\/\/www.jennifer-b-wind.com\/wordpress-2019\/?post_type=tribe_events&#038;p=2267"},"modified":"2020-04-20T19:59:09","modified_gmt":"2020-04-20T17:59:09","slug":"criminale-hannover","status":"publish","type":"tribe_events","link":"https:\/\/www.jennifer-b-wind.com\/wordpress-2019\/event\/criminale-hannover\/","title":{"rendered":"******ABGESAGT***************CRIMINALE HANNOVER"},"content":{"rendered":"<p>Von 14. April bis 19. April steigt die CRIMINALE in HANNOVER.<\/p>\n<p>Der Autorenkongress und das facettenreiche Krimifestival CRIMINALE sind der\u00a0Krimitreff des Jahres f\u00fcr Autoren, Fachbesucherinnen aus Verlagen und Buchhandlungen, Agentinnen, Kritikern, Bloggerinnen und nat\u00fcrlich f\u00fcr das interessierte Krimipublikum. Seit \u00fcber 30 Jahren bietet dieses Event nun schon eine Plattform f\u00fcr intensiven Austausch, Fortbildung und mit der gro\u00dfen Krimipreis-Gala nat\u00fcrlich auch Anlass zum Feiern.<\/p>\n<h3>CRIMINALE 2020<\/h3>\n<p>Die <strong>CRIMINALE 2020<\/strong> findet vom 14. bis zum 18. April in <strong>Hannover<\/strong> statt. Das \u201ekriminelle Vorprogramm\u201c beginnt bereits im August 2019 \u2013 mit ausgew\u00e4hlten, monatlich stattfindenden Veranstaltungen. Mehr dazu demn\u00e4chst an dieser Stelle!<\/p>\n<p>Highlight ist nat\u00fcrlich die Verleihung der Krimipreise der Autoren am Samstag, dem 18. April 2020. Dann werden die Besten der Besten gek\u00fcrt, und zwar in den Sparten Roman, Deb\u00fctroman, Kurzkrimi, Kinder- und Jugendkrimi sowie \u201eBloody Cover\u201c. Au\u00dferdem verleiht das SYNDIKAT allj\u00e4hrlich den \u201eEhren-Glauser\u201c f\u00fcr das Lebenswerk.<\/p>\n<p>Programm-Highlights der CRIMINALE 2020 in Hannover demn\u00e4chst <a href=\"https:\/\/www.das-syndikat.com\/13-criminale.html\">HIER!<\/a><\/p>\n<p>&nbsp;<\/p>\n","protected":false},"excerpt":{"rendered":"<p>Von 14. April bis 19. April steigt die CRIMINALE in HANNOVER. Der Autorenkongress und das facettenreiche Krimifestival CRIMINALE sind der\u00a0Krimitreff des Jahres f\u00fcr Autoren, Fachbesucherinnen aus Verlagen und Buchhandlungen, Agentinnen, Kritikern, Bloggerinnen und nat\u00fcrlich f\u00fcr das interessierte Krimipublikum. Seit \u00fcber 30 Jahren bietet dieses Event nun schon eine Plattform f\u00fcr intensiven Austausch, Fortbildung und mit [&hellip;]<\/p>\n","protected":false},"author":2,"featured_media":2740,"comment_status":"closed","ping_status":"closed","template":"","meta":[],"tags":[],"tribe_events_cat":[51,40,50,63],"_links":{"self":[{"href":"https:\/\/www.jennifer-b-wind.com\/wordpress-2019\/wp-json\/wp\/v2\/tribe_events\/2267"}],"collection":[{"href":"https:\/\/www.jennifer-b-wind.com\/wordpress-2019\/wp-json\/wp\/v2\/tribe_events"}],"about":[{"href":"https:\/\/www.jennifer-b-wind.com\/wordpress-2019\/wp-json\/wp\/v2\/types\/tribe_events"}],"author":[{"embeddable":true,"href":"https:\/\/www.jennifer-b-wind.com\/wordpress-2019\/wp-json\/wp\/v2\/users\/2"}],"replies":[{"embeddable":true,"href":"https:\/\/www.jennifer-b-wind.com\/wordpress-2019\/wp-json\/wp\/v2\/comments?post=2267"}],"version-history":[{"count":2,"href":"https:\/\/www.jennifer-b-wind.com\/wordpress-2019\/wp-json\/wp\/v2\/tribe_events\/2267\/revisions"}],"predecessor-version":[{"id":2834,"href":"https:\/\/www.jennifer-b-wind.com\/wordpress-2019\/wp-json\/wp\/v2\/tribe_events\/2267\/revisions\/2834"}],"wp:featuredmedia":[{"embeddable":true,"href":"https:\/\/www.jennifer-b-wind.com\/wordpress-2019\/wp-json\/wp\/v2\/media\/2740"}],"wp:attachment":[{"href":"https:\/\/www.jennifer-b-wind.com\/wordpress-2019\/wp-json\/wp\/v2\/media?parent=2267"}],"wp:term":[{"taxonomy":"post_tag","embeddable":true,"href":"https:\/\/www.jennifer-b-wind.com\/wordpress-2019\/wp-json\/wp\/v2\/tags?post=2267"},{"taxonomy":"tribe_events_cat","embeddable":true,"href":"https:\/\/www.jennifer-b-wind.com\/wordpress-2019\/wp-json\/wp\/v2\/tribe_events_cat?post=2267"}],"curies":[{"name":"wp","href":"https:\/\/api.w.org\/{rel}","templated":true}]}}

<p>Von 14. April bis 19. April steigt die CRIMINALE in HANNOVER.</p>
<p>Der Autorenkongress und das facettenreiche Krimifestival CRIMINALE sind der Krimitreff des Jahres für Autoren, Fachbesucherinnen aus Verlagen und Buchhandlungen, Agentinnen, Kritikern, Bloggerinnen und natürlich für das interessierte Krimipublikum. Seit über 30 Jahren bietet dieses Event nun schon eine Plattform für intensiven Austausch, Fortbildung und mit der großen Krimipreis-Gala natürlich auch Anlass zum Feiern.</p>
<h3>CRIMINALE 2020</h3>
<p>Die <strong>CRIMINALE 2020</strong> findet vom 14. bis zum 18. April in <strong>Hannover</strong> statt. Das „kriminelle Vorprogramm“ beginnt bereits im August 2019 – mit ausgewählten, monatlich stattfindenden Veranstaltungen. Mehr dazu demnächst an dieser Stelle!</p>
<p>Highlight ist natürlich die Verleihung der Krimipreise der Autoren am Samstag, dem 18. April 2020. Dann werden die Besten der Besten gekürt, und zwar in den Sparten Roman, Debütroman, Kurzkrimi, Kinder- und Jugendkrimi sowie „Bloody Cover“. Außerdem verleiht das SYNDIKAT alljährlich den „Ehren-Glauser“ für das Lebenswerk.</p>
<p>Programm-Highlights der CRIMINALE 2020 in Hannover demnächst <a href="https://www.das-syndikat.com/13-criminale.html">HIER!</a></p>
<p>&nbsp;</p>

<p>Von 14. April bis 19. April steigt die CRIMINALE in HANNOVER. Der Autorenkongress und das facettenreiche Krimifestival CRIMINALE sind der Krimitreff des Jahres für Autoren, Fachbesucherinnen aus Verlagen und Buchhandlungen, Agentinnen, Kritikern, Bloggerinnen und natürlich für das interessierte Krimipublikum. Seit über 30 Jahren bietet dieses Event nun schon eine Plattform für intensiven Austausch, Fortbildung und mit [&hellip;]</p>
