{"id":2285,"date":"2019-08-29T22:02:19","date_gmt":"2019-08-29T20:02:19","guid":{"rendered":"https:\/\/www.jennifer-b-wind.com\/wordpress-2019\/?post_type=tribe_events&#038;p=2285"},"modified":"2020-04-20T19:57:24","modified_gmt":"2020-04-20T17:57:24","slug":"jennifer-b-wind-liest-in-schladming-aus-die-maske-der-schuld","status":"publish","type":"tribe_events","link":"https:\/\/www.jennifer-b-wind.com\/wordpress-2019\/event\/jennifer-b-wind-liest-in-schladming-aus-die-maske-der-schuld\/","title":{"rendered":"***ABGESAGT**** (bzw. auf unbestimmte Zeit verschoben) Jennifer B. Wind liest in Schladming aus &#8222;Die Maske der Schuld&#8220;"},"content":{"rendered":"<p>Jennifer B. Wind liest in Schladming aus dem brandneuen Thriller &#8222;Die Maske der Schuld&#8220;<\/p>\n<p>der im Februar 2020 erscheint. Dazu gibt es wie immer ihre beliebte &#8222;One Woman Krimi Show&#8220;.<\/p>\n<p>Lassen Sie sich \u00fcberraschen.<\/p>\n<p>Dieses Event findet in einer besonderen Location statt. Freuen Sie sich auf einen besonderen,<\/p>\n<p>spannenden und humorvollen Abend!<\/p>\n<p>Wo?<\/p>\n<p><strong>Im Restaurant SANINO<\/strong><\/p>\n<p>Erlebnisbad Schladming GmbH<\/p>\n<p>Europaplatz 585<br \/>\n8970 Schladming<\/p>\n<p>Tel: +43(0)3687 23271<br \/>\nFax: +43(0)3687 23271-3<\/p>\n<p>E-Mail: <span id=\"cloak7db15ea603a13289ebb615eb4dd5328d\"><a href=\"mailto:info@erlebnisbad-schladming.at\">info@erlebnisbad-schladming.at<\/a><\/span><br \/>\nWeb: http:\/\/www.erlebnisbad-schladming.at<\/p>\n<p><img loading=\"lazy\" class=\"alignnone size-medium wp-image-2629\" src=\"https:\/\/www.jennifer-b-wind.com\/wordpress-2019\/wp-content\/uploads\/2019\/10\/cover_caroussel_maske-der-schuld-300x258.png\" alt=\"\" width=\"300\" height=\"258\" srcset=\"https:\/\/www.jennifer-b-wind.com\/wordpress-2019\/wp-content\/uploads\/2019\/10\/cover_caroussel_maske-der-schuld-300x258.png 300w, https:\/\/www.jennifer-b-wind.com\/wordpress-2019\/wp-content\/uploads\/2019\/10\/cover_caroussel_maske-der-schuld-768x661.png 768w, https:\/\/www.jennifer-b-wind.com\/wordpress-2019\/wp-content\/uploads\/2019\/10\/cover_caroussel_maske-der-schuld.png 800w\" sizes=\"(max-width: 300px) 100vw, 300px\" \/><\/p>\n<div class=\"tribe-events-single-event-description tribe-events-content\">\n<p>&nbsp;<\/p>\n<p>Zu \u201eDie Maske der Schuld&#8220;:<\/p>\n<div id=\"iframeContent\" dir=\"auto\">\n<p><b>Wenn die Angst vor dem Tod einem M\u00f6rder die T\u00fcr \u00f6ffnet \u2026 der zweite Fall f\u00fcr den unkonventionellen Ermittler Richard Schwarz.<\/b><\/p>\n<p>Eine Leiche mit schrecklichen Verletzungen an K\u00f6rper und Sch\u00e4del wird aus der Donau gefischt. Richard Schwarz vom LKA kennt den Toten: Jan Dorn, ein schwer erkrankter ehemaliger Polizeikollege. Die Ermittlungen f\u00fchren ihn in Jans Selbsthilfegruppe, in der mit jedem neuen Medikament der Pharmaindustrie Hoffnungen geweckt werden. Die Angst vor dem Tod ist ein grausames Spiel mit Versuchsstudien und Wunderheilern.<\/p>\n<p>Entschlossen setzt Richard alles daran, dem perfiden Treiben ein Ende zu bereiten. Doch ein Geheimnis aus seiner eigenen Vergangenheit kommt ans Licht und wirft Schatten auf den aktuellen Fall. Entsetzt muss Richard feststellen, dass der M\u00f6rder ihm stets einen Schritt voraus ist.<\/p>\n<p>&nbsp;<\/p>\n<\/div>\n<p>Zur Autorin:<br \/>\nJennifer B. Wind schreibt Krimis, Thriller und Romane f\u00fcr Jugendliche und Erwachsene und ist regelm\u00e4\u00dfig auf den Bestsellerlisten in Deutschland und \u00d6sterreich vertreten. Sie hat zahlreiche Drehb\u00fccher, Theaterst\u00fccke und preisgekr\u00f6nte Kurzgeschichten ver\u00f6ffentlicht, schreibt f\u00fcr namhafte Magazine und Zeitungen wie die \u00bbPresse am Sonntag\u00ab und \u00bbKids Krone\u00ab und f\u00f6rdert als Jury-Mitglied verschiedener Literaturfestivals junge Autoren. In ihrer Freizeit betreibt die ehemalige Flugbegleiterin mit Klavier- Gesangs- und Schauspielausbildung gerne Sportarten mit Nervenkitzel, z\u00fcchtet Orchideen und zeichnet.<\/p>\n<\/div>\n<p>&nbsp;<\/p>\n<p>Pressestimmenzu Teil 1 der Serie:<\/p>\n<p>\u201cMir gef\u00e4llt es ungemein, wenn ein Autor bzw. hier die Autorin es so gut versteht, mit Sprache, mit Sprachstilen zu spielen. Das ist mehr als ein blo\u00dfes Hineinversetzen in die jeweils handelnde Person, viel mehr! Dieser Wechsel der Sprachstile hat etwas Musikalisches, so im Sinne von Wechsel der Tempi und damit Wechsel des Ausdrucks und beim Leser damit Wechsel des Eindrucks. Das k\u00f6nnte eines der Geheimnisse sein, weshalb sich das Buch so kurzweilig lesen l\u00e4sst. \u201c<\/p>\n<p><strong>Heinoko , Lovelybooks<\/strong><\/p>\n<p><strong>\u00a0<\/strong>\u201cJennifer B. Wind ist hier ein Meisterwerk gelungen, virtuos inszeniert und rasant voran getrieben.\u201d <strong>Bookreviews.at<\/strong><\/p>\n<p>\u00bbDie <em>Maske der Gewalt<\/em> hat mich von der ersten Seite an gefesselt. Die rasante Handlung, der packende Fall und vor allem die pers\u00f6nliche Geschichte des undurchsichtigen, aber charismatischen Ermittlers haben mich mehr als nur eine Nacht wachgehalten.\u00ab <strong>\u2012 Veit Etzold, <em>Spiegel<\/em>-Bestsellerautor<\/strong><\/p>\n<p><strong>\u00bb<\/strong>Durch wechselnde Perspektiven, immer Mal wieder unterbrochen durch die kruden Gedanken des T\u00e4ters, h\u00e4lt die Autorin die Geschichte bis zum Schluss spannend.\u00ab\u00a0\u00a0\u00a0\u00a0 <strong>Hinkenpinken\u00b4s Welt, Blog<\/strong><\/p>\n<p>\u201cWer Veit Etzold und Sebastian Fitzek mag, der liegt mit diesem Buch \u201eDie Maske der Gewalt\u201c als Auftakt einer \u00fcberaus spannenden Thriller-Reihe genau richtig, denn die Autorin hat hier die perfekte Mischung aus beidem geschaffen. \u2013 Ich freue mich schon sehr auf den zweiten Teil um Richard Schwarz<strong>!\u201d\u00a0\u00a0 <\/strong><strong>Tina M\u00f6nke, Lovelybooks<\/strong><\/p>\n<p>\u201cDie wechselnden Perspektiven bauen viel Spannung auf, und auch die Gedankeng\u00e4nge des M\u00f6rders sind raffiniert eingearbeitet.\u201d <strong>Recensio Online<\/strong><\/p>\n<p><strong>\u00a0<\/strong>\u201cDurch wechselnden Perspektiven, immer Mal wieder unterbrochen durch die kruden Gedanken des T\u00e4ters, h\u00e4lt die Autorin die Geschichte bis zum Schluss spannend. Dabei versteht sie es geschickt, den Leser und auch die Ermittler auf eine falsche F\u00e4hrte zu f\u00fchren.\u201d <strong><em>Hinkenpinken\u00b4s Welt<\/em><\/strong><\/p>\n<p>Der raffiniert aufgebaute Plot h\u00e4lt \u00fcber das gesamte Buch hinweg den Spannungsbogen hoch. Was nur wenigen Autoren gelingt, schafft sie m\u00fchelos, n\u00e4mlich jedem Protagonisten seine eigene Stimme zu verleihen, seinen eigenen Sprachduktus. J. B. Wind spielt mit Sprache, mit Sprachstilen, spielt mit Ausdruck und schafft damit einen besonders intensiven Leseeindruck.\u201d <strong>Ue60gutezeiten <\/strong><\/p>\n<p><strong>\u00a0<\/strong>\u201cUnd genau das ist die gro\u00dfe St\u00e4rke der Autorin, sie bekommt jedes Mal einen so starken Spannungsaufbau hin, dass sie den Leser fesselt und ihn erst zum hochspannenden Finale wieder losl\u00e4sst. So auch dieses Mal, hat sie mich regelrecht vom Hocker gehauen.\u201d <strong>Mundolibris Blog<\/strong><\/p>\n<p>\u201cWer Veit Etzold und Sebastian Fitzek mag, der liegt mit diesem Buch \u201eDie Maske der Gewalt\u201c als Auftakt einer \u00fcberaus spannenden Thriller-Reihe genau richtig, denn die Autorin hat hier die perfekte Mischung aus beidem geschaffen. \u2013 Ich freue mich schon sehr auf den zweiten Teil um Richard Schwarz<strong>!\u201d\u00a0\u00a0 <\/strong><strong>Tina M\u00f6nke, Lovelybooks<\/strong><\/p>\n<p>&#8222;Ein Thriller wie er sein sollte. Spannung von Anfang bis Ende. Gut ausgearbeitete Charaktere. Absolute Leseempfehlung von mir. Mein Monatshighlight.&#8220; <strong>Buchwurm05\u00a0<\/strong><\/p>\n<p>&#8222;Ein MUSS f\u00fcr jeden Thriller Fan!&#8220; <strong>Dani\u00b4s kleine B\u00fccherwelt<\/strong><\/p>\n<p>&#8222;Vielversprechender Auftakt zur Thriller-Reihe um Richard und Theres!&#8220; <strong>Irve liest<\/strong><\/p>\n<p>&nbsp;<\/p>\n<p>&nbsp;<\/p>\n<p><strong>\u00a0<\/strong><\/p>\n","protected":false},"excerpt":{"rendered":"<p>Jennifer B. Wind liest in Schladming aus dem brandneuen Thriller &#8222;Die Maske der Schuld&#8220; der im Februar 2020 erscheint. Dazu gibt es wie immer ihre beliebte &#8222;One Woman Krimi Show&#8220;. Lassen Sie sich \u00fcberraschen. Dieses Event findet in einer besonderen Location statt. Freuen Sie sich auf einen besonderen, spannenden und humorvollen Abend! Wo? Im Restaurant [&hellip;]<\/p>\n","protected":false},"author":2,"featured_media":2286,"comment_status":"closed","ping_status":"closed","template":"","meta":[],"tags":[53,36,33,118,54,31],"tribe_events_cat":[16,40,30],"_links":{"self":[{"href":"https:\/\/www.jennifer-b-wind.com\/wordpress-2019\/wp-json\/wp\/v2\/tribe_events\/2285"}],"collection":[{"href":"https:\/\/www.jennifer-b-wind.com\/wordpress-2019\/wp-json\/wp\/v2\/tribe_events"}],"about":[{"href":"https:\/\/www.jennifer-b-wind.com\/wordpress-2019\/wp-json\/wp\/v2\/types\/tribe_events"}],"author":[{"embeddable":true,"href":"https:\/\/www.jennifer-b-wind.com\/wordpress-2019\/wp-json\/wp\/v2\/users\/2"}],"replies":[{"embeddable":true,"href":"https:\/\/www.jennifer-b-wind.com\/wordpress-2019\/wp-json\/wp\/v2\/comments?post=2285"}],"version-history":[{"count":4,"href":"https:\/\/www.jennifer-b-wind.com\/wordpress-2019\/wp-json\/wp\/v2\/tribe_events\/2285\/revisions"}],"predecessor-version":[{"id":2832,"href":"https:\/\/www.jennifer-b-wind.com\/wordpress-2019\/wp-json\/wp\/v2\/tribe_events\/2285\/revisions\/2832"}],"wp:featuredmedia":[{"embeddable":true,"href":"https:\/\/www.jennifer-b-wind.com\/wordpress-2019\/wp-json\/wp\/v2\/media\/2286"}],"wp:attachment":[{"href":"https:\/\/www.jennifer-b-wind.com\/wordpress-2019\/wp-json\/wp\/v2\/media?parent=2285"}],"wp:term":[{"taxonomy":"post_tag","embeddable":true,"href":"https:\/\/www.jennifer-b-wind.com\/wordpress-2019\/wp-json\/wp\/v2\/tags?post=2285"},{"taxonomy":"tribe_events_cat","embeddable":true,"href":"https:\/\/www.jennifer-b-wind.com\/wordpress-2019\/wp-json\/wp\/v2\/tribe_events_cat?post=2285"}],"curies":[{"name":"wp","href":"https:\/\/api.w.org\/{rel}","templated":true}]}}

<p>Jennifer B. Wind liest in Schladming aus dem brandneuen Thriller &#8222;Die Maske der Schuld&#8220;</p>
<p>der im Februar 2020 erscheint. Dazu gibt es wie immer ihre beliebte &#8222;One Woman Krimi Show&#8220;.</p>
<p>Lassen Sie sich überraschen.</p>
<p>Dieses Event findet in einer besonderen Location statt. Freuen Sie sich auf einen besonderen,</p>
<p>spannenden und humorvollen Abend!</p>
<p>Wo?</p>
<p><strong>Im Restaurant SANINO</strong></p>
<p>Erlebnisbad Schladming GmbH</p>
<p>Europaplatz 585<br />
8970 Schladming</p>
<p>Tel: +43(0)3687 23271<br />
Fax: +43(0)3687 23271-3</p>
<p>E-Mail: <span id="cloak7db15ea603a13289ebb615eb4dd5328d"><a href="mailto:info@erlebnisbad-schladming.at">info@erlebnisbad-schladming.at</a></span><br />
Web: http://www.erlebnisbad-schladming.at</p>
<p><img loading="lazy" class="alignnone size-medium wp-image-2629" src="https://www.jennifer-b-wind.com/wordpress-2019/wp-content/uploads/2019/10/cover_caroussel_maske-der-schuld-300x258.png" alt="" width="300" height="258" srcset="https://www.jennifer-b-wind.com/wordpress-2019/wp-content/uploads/2019/10/cover_caroussel_maske-der-schuld-300x258.png 300w, https://www.jennifer-b-wind.com/wordpress-2019/wp-content/uploads/2019/10/cover_caroussel_maske-der-schuld-768x661.png 768w, https://www.jennifer-b-wind.com/wordpress-2019/wp-content/uploads/2019/10/cover_caroussel_maske-der-schuld.png 800w" sizes="(max-width: 300px) 100vw, 300px" /></p>
<div class="tribe-events-single-event-description tribe-events-content">
<p>&nbsp;</p>
<p>Zu „Die Maske der Schuld&#8220;:</p>
<div id="iframeContent" dir="auto">
<p><b>Wenn die Angst vor dem Tod einem Mörder die Tür öffnet … der zweite Fall für den unkonventionellen Ermittler Richard Schwarz.</b></p>
<p>Eine Leiche mit schrecklichen Verletzungen an Körper und Schädel wird aus der Donau gefischt. Richard Schwarz vom LKA kennt den Toten: Jan Dorn, ein schwer erkrankter ehemaliger Polizeikollege. Die Ermittlungen führen ihn in Jans Selbsthilfegruppe, in der mit jedem neuen Medikament der Pharmaindustrie Hoffnungen geweckt werden. Die Angst vor dem Tod ist ein grausames Spiel mit Versuchsstudien und Wunderheilern.</p>
<p>Entschlossen setzt Richard alles daran, dem perfiden Treiben ein Ende zu bereiten. Doch ein Geheimnis aus seiner eigenen Vergangenheit kommt ans Licht und wirft Schatten auf den aktuellen Fall. Entsetzt muss Richard feststellen, dass der Mörder ihm stets einen Schritt voraus ist.</p>
<p>&nbsp;</p>
</div>
<p>Zur Autorin:<br />
Jennifer B. Wind schreibt Krimis, Thriller und Romane für Jugendliche und Erwachsene und ist regelmäßig auf den Bestsellerlisten in Deutschland und Österreich vertreten. Sie hat zahlreiche Drehbücher, Theaterstücke und preisgekrönte Kurzgeschichten veröffentlicht, schreibt für namhafte Magazine und Zeitungen wie die »Presse am Sonntag« und »Kids Krone« und fördert als Jury-Mitglied verschiedener Literaturfestivals junge Autoren. In ihrer Freizeit betreibt die ehemalige Flugbegleiterin mit Klavier- Gesangs- und Schauspielausbildung gerne Sportarten mit Nervenkitzel, züchtet Orchideen und zeichnet.</p>
</div>
<p>&nbsp;</p>
<p>Pressestimmenzu Teil 1 der Serie:</p>
<p>“Mir gefällt es ungemein, wenn ein Autor bzw. hier die Autorin es so gut versteht, mit Sprache, mit Sprachstilen zu spielen. Das ist mehr als ein bloßes Hineinversetzen in die jeweils handelnde Person, viel mehr! Dieser Wechsel der Sprachstile hat etwas Musikalisches, so im Sinne von Wechsel der Tempi und damit Wechsel des Ausdrucks und beim Leser damit Wechsel des Eindrucks. Das könnte eines der Geheimnisse sein, weshalb sich das Buch so kurzweilig lesen lässt. “</p>
<p><strong>Heinoko , Lovelybooks</strong></p>
<p><strong> </strong>“Jennifer B. Wind ist hier ein Meisterwerk gelungen, virtuos inszeniert und rasant voran getrieben.” <strong>Bookreviews.at</strong></p>
<p>»Die <em>Maske der Gewalt</em> hat mich von der ersten Seite an gefesselt. Die rasante Handlung, der packende Fall und vor allem die persönliche Geschichte des undurchsichtigen, aber charismatischen Ermittlers haben mich mehr als nur eine Nacht wachgehalten.« <strong>‒ Veit Etzold, <em>Spiegel</em>-Bestsellerautor</strong></p>
<p><strong>»</strong>Durch wechselnde Perspektiven, immer Mal wieder unterbrochen durch die kruden Gedanken des Täters, hält die Autorin die Geschichte bis zum Schluss spannend.«     <strong>Hinkenpinken´s Welt, Blog</strong></p>
<p>“Wer Veit Etzold und Sebastian Fitzek mag, der liegt mit diesem Buch „Die Maske der Gewalt“ als Auftakt einer überaus spannenden Thriller-Reihe genau richtig, denn die Autorin hat hier die perfekte Mischung aus beidem geschaffen. – Ich freue mich schon sehr auf den zweiten Teil um Richard Schwarz<strong>!”   </strong><strong>Tina Mönke, Lovelybooks</strong></p>
<p>“Die wechselnden Perspektiven bauen viel Spannung auf, und auch die Gedankengänge des Mörders sind raffiniert eingearbeitet.” <strong>Recensio Online</strong></p>
<p><strong> </strong>“Durch wechselnden Perspektiven, immer Mal wieder unterbrochen durch die kruden Gedanken des Täters, hält die Autorin die Geschichte bis zum Schluss spannend. Dabei versteht sie es geschickt, den Leser und auch die Ermittler auf eine falsche Fährte zu führen.” <strong><em>Hinkenpinken´s Welt</em></strong></p>
<p>Der raffiniert aufgebaute Plot hält über das gesamte Buch hinweg den Spannungsbogen hoch. Was nur wenigen Autoren gelingt, schafft sie mühelos, nämlich jedem Protagonisten seine eigene Stimme zu verleihen, seinen eigenen Sprachduktus. J. B. Wind spielt mit Sprache, mit Sprachstilen, spielt mit Ausdruck und schafft damit einen besonders intensiven Leseeindruck.” <strong>Ue60gutezeiten </strong></p>
<p><strong> </strong>“Und genau das ist die große Stärke der Autorin, sie bekommt jedes Mal einen so starken Spannungsaufbau hin, dass sie den Leser fesselt und ihn erst zum hochspannenden Finale wieder loslässt. So auch dieses Mal, hat sie mich regelrecht vom Hocker gehauen.” <strong>Mundolibris Blog</strong></p>
<p>“Wer Veit Etzold und Sebastian Fitzek mag, der liegt mit diesem Buch „Die Maske der Gewalt“ als Auftakt einer überaus spannenden Thriller-Reihe genau richtig, denn die Autorin hat hier die perfekte Mischung aus beidem geschaffen. – Ich freue mich schon sehr auf den zweiten Teil um Richard Schwarz<strong>!”   </strong><strong>Tina Mönke, Lovelybooks</strong></p>
<p>&#8222;Ein Thriller wie er sein sollte. Spannung von Anfang bis Ende. Gut ausgearbeitete Charaktere. Absolute Leseempfehlung von mir. Mein Monatshighlight.&#8220; <strong>Buchwurm05 </strong></p>
<p>&#8222;Ein MUSS für jeden Thriller Fan!&#8220; <strong>Dani´s kleine Bücherwelt</strong></p>
<p>&#8222;Vielversprechender Auftakt zur Thriller-Reihe um Richard und Theres!&#8220; <strong>Irve liest</strong></p>
<p>&nbsp;</p>
<p>&nbsp;</p>
<p><strong> </strong></p>

<p>Jennifer B. Wind liest in Schladming aus dem brandneuen Thriller &#8222;Die Maske der Schuld&#8220; der im Februar 2020 erscheint. Dazu gibt es wie immer ihre beliebte &#8222;One Woman Krimi Show&#8220;. Lassen Sie sich überraschen. Dieses Event findet in einer besonderen Location statt. Freuen Sie sich auf einen besonderen, spannenden und humorvollen Abend! Wo? Im Restaurant [&hellip;]</p>
