{"id":2863,"date":"2020-07-07T21:51:28","date_gmt":"2020-07-07T19:51:28","guid":{"rendered":"https:\/\/www.jennifer-b-wind.com\/wordpress-2019\/?post_type=tribe_events&#038;p=2863"},"modified":"2020-07-07T21:52:22","modified_gmt":"2020-07-07T19:52:22","slug":"jennifer-b-wind-live-bei-lagerfeuer-helden","status":"publish","type":"tribe_events","link":"https:\/\/www.jennifer-b-wind.com\/wordpress-2019\/event\/jennifer-b-wind-live-bei-lagerfeuer-helden\/","title":{"rendered":"Jennifer B. Wind LIVE bei LAGERFEUER-HELDEN"},"content":{"rendered":"<p>Am Freitag, dem 10. Juli 2020 ab 20 Uhr 15 ist Jennifer B. Wind bei den Lagerfeuer-Helden zu Gast und plaudert mit den Gastgebern Eric und Ule Hansen aus dem N\u00e4hk\u00e4stchen. Live und komplett pers\u00f6nlich erz\u00e4hlt sie Geschichten aus ihrem Schriftstellerleben, von den harten Anf\u00e4ngen, \u00fcber den Unterschied zwischen Fakt und Fiktion in B\u00fcchern und Filmen und regt eine spannende Diskussion \u00fcber MASKEN an.<\/p>\n<p>Jeder Mensch tr\u00e4gt im Laufe seines Lebens verschiedene Masken.<br \/>\nNicht nur zum Karneval, oder auf der B\u00fchne, sondern auch in anderen Bereichen des Lebens tragen wir Masken, teilweise, um uns oder andere zu sch\u00fctzen.<br \/>\nWas passiert, wenn unsere Maske f\u00e4llt?<br \/>\nWelche Probleme treten auf, wenn man irgendwann nicht mehr wei\u00df, wer der Mensch hinter der Maske ist?<br \/>\nKann man einen Menschen wirklich je 100% kennen?<br \/>\nWelche Formen von Masken tragen gewaltt\u00e4tige Menschen?<br \/>\nWelche Masken tragen Gewaltopfer?<br \/>\nUnd wie viele Facetten von Gewalt gibt es?<\/p>\n<p>Das Besondere an diesem Abend ist, dass die Autorin in den Dialog mit den Gastgebern und auch dem Publikum treten kann.<\/p>\n<p>Und am Ende kann man auch noch ihr aktuelles Buch gewinnen!<\/p>\n<p>Jeder kann sowohl anonym einfach zugucken als sich auch direkt einbringen und mitreden!<\/p>\n<p>Entweder direkt \u00fcber zoom einsteigen oder via Facebook.<br \/>\nFragen k\u00f6nnt ihr auch via Facebook gerne stellen, die die Autorin gerne beantworten wird.<\/p>\n<p>Lagerfeuer-Helden bringt somir ein neues und spannendes Format zum Austausch mit Autor\/innen und ihren Leser\/innen.<\/p>\n<p>Was ist Lagerfeuer-Helden?<\/p>\n<p>Eine zweiw\u00f6chentliche Live-Platform im Netz, die von dem Autorenduo Ule Hansen (Astrid Ule und Eric Hansen) ins Leben gerufen wurde, um Lesern auch in Corona-Zeiten die Chance zu geben, ihre Autoren live und hautnah zu erleben.<\/p>\n<p>Die Teilnehmerzahl auf Zoom ist begrenzt, aber man kann das Event auch ohne Anmeldung \u00fcber die Facebook-Seite von Ule Hansen verfolgen, dort wird es parallel einen Live-Stream geben.<\/p>\n<p>Die Teilnahme ist kostenlos.<\/p>\n<p>Schalten Sie am Freitag, den 10. Juli um 20.15 Uhr den Zoom-Kanal 5028652482 ein \u2013 folgen Sie dazu einfach diesem Link: <a href=\"https:\/\/l.facebook.com\/l.php?u=https%3A%2F%2Fzoom.us%2Fj%2F5028652482&amp;h=AT0PfJfWRij-WWY7p4VbaW0EQ_uQxPerdrqtKe-mYwIrtxya-OR2RIGKWQydDoYoBje9nGvYLeN6RhM-QsZlox4RUPuNlr9aXVI7dr17HrtvIvpnvERZKdrjd8Sm6I1Xt7b90gFtswNQwNrnXMPK\" target=\"_blank\" rel=\"nofollow noopener noreferrer\" data-lynx-mode=\"hover\">https:\/\/zoom.us\/j\/5028652482<\/a><\/p>\n<p>Wer Zoom nicht hat, muss es erst herunterladen \u2013 super-einfach \u2013 nur hier klicken bzw. den Link ins Browser kopieren:<\/p>\n<p><a href=\"https:\/\/l.facebook.com\/l.php?u=https%3A%2F%2Fzoom.us%2Fj%2F5028652482&amp;h=AT0PfJfWRij-WWY7p4VbaW0EQ_uQxPerdrqtKe-mYwIrtxya-OR2RIGKWQydDoYoBje9nGvYLeN6RhM-QsZlox4RUPuNlr9aXVI7dr17HrtvIvpnvERZKdrjd8Sm6I1Xt7b90gFtswNQwNrnXMPK\" target=\"_blank\" rel=\"nofollow noopener noreferrer\" data-lynx-mode=\"hover\">https:\/\/zoom.us\/j\/5028652482<\/a><\/p>\n<p>Oder schauen Sie sich den Livestream auf Facebook an: <a href=\"https:\/\/www.facebook.com\/UleHansen\/\" target=\"_blank\" rel=\"noopener noreferrer\">https:\/\/www.facebook.com\/UleHansen\/?ref=bookmarks<\/a><\/p>\n<p>Wir freuen uns auf euch!!<\/p>\n","protected":false},"excerpt":{"rendered":"<p>Am Freitag, dem 10. Juli 2020 ab 20 Uhr 15 ist Jennifer B. Wind bei den Lagerfeuer-Helden zu Gast und plaudert mit den Gastgebern Eric und Ule Hansen aus dem N\u00e4hk\u00e4stchen. Live und komplett pers\u00f6nlich erz\u00e4hlt sie Geschichten aus ihrem Schriftstellerleben, von den harten Anf\u00e4ngen, \u00fcber den Unterschied zwischen Fakt und Fiktion in B\u00fcchern und [&hellip;]<\/p>\n","protected":false},"author":2,"featured_media":2864,"comment_status":"open","ping_status":"closed","template":"","meta":[],"tags":[152,57,32,150,149,148,31,151,153],"tribe_events_cat":[16,134,147],"_links":{"self":[{"href":"https:\/\/www.jennifer-b-wind.com\/wordpress-2019\/wp-json\/wp\/v2\/tribe_events\/2863"}],"collection":[{"href":"https:\/\/www.jennifer-b-wind.com\/wordpress-2019\/wp-json\/wp\/v2\/tribe_events"}],"about":[{"href":"https:\/\/www.jennifer-b-wind.com\/wordpress-2019\/wp-json\/wp\/v2\/types\/tribe_events"}],"author":[{"embeddable":true,"href":"https:\/\/www.jennifer-b-wind.com\/wordpress-2019\/wp-json\/wp\/v2\/users\/2"}],"replies":[{"embeddable":true,"href":"https:\/\/www.jennifer-b-wind.com\/wordpress-2019\/wp-json\/wp\/v2\/comments?post=2863"}],"version-history":[{"count":1,"href":"https:\/\/www.jennifer-b-wind.com\/wordpress-2019\/wp-json\/wp\/v2\/tribe_events\/2863\/revisions"}],"predecessor-version":[{"id":2865,"href":"https:\/\/www.jennifer-b-wind.com\/wordpress-2019\/wp-json\/wp\/v2\/tribe_events\/2863\/revisions\/2865"}],"wp:featuredmedia":[{"embeddable":true,"href":"https:\/\/www.jennifer-b-wind.com\/wordpress-2019\/wp-json\/wp\/v2\/media\/2864"}],"wp:attachment":[{"href":"https:\/\/www.jennifer-b-wind.com\/wordpress-2019\/wp-json\/wp\/v2\/media?parent=2863"}],"wp:term":[{"taxonomy":"post_tag","embeddable":true,"href":"https:\/\/www.jennifer-b-wind.com\/wordpress-2019\/wp-json\/wp\/v2\/tags?post=2863"},{"taxonomy":"tribe_events_cat","embeddable":true,"href":"https:\/\/www.jennifer-b-wind.com\/wordpress-2019\/wp-json\/wp\/v2\/tribe_events_cat?post=2863"}],"curies":[{"name":"wp","href":"https:\/\/api.w.org\/{rel}","templated":true}]}}

<p>Am Freitag, dem 10. Juli 2020 ab 20 Uhr 15 ist Jennifer B. Wind bei den Lagerfeuer-Helden zu Gast und plaudert mit den Gastgebern Eric und Ule Hansen aus dem Nähkästchen. Live und komplett persönlich erzählt sie Geschichten aus ihrem Schriftstellerleben, von den harten Anfängen, über den Unterschied zwischen Fakt und Fiktion in Büchern und Filmen und regt eine spannende Diskussion über MASKEN an.</p>
<p>Jeder Mensch trägt im Laufe seines Lebens verschiedene Masken.<br />
Nicht nur zum Karneval, oder auf der Bühne, sondern auch in anderen Bereichen des Lebens tragen wir Masken, teilweise, um uns oder andere zu schützen.<br />
Was passiert, wenn unsere Maske fällt?<br />
Welche Probleme treten auf, wenn man irgendwann nicht mehr weiß, wer der Mensch hinter der Maske ist?<br />
Kann man einen Menschen wirklich je 100% kennen?<br />
Welche Formen von Masken tragen gewalttätige Menschen?<br />
Welche Masken tragen Gewaltopfer?<br />
Und wie viele Facetten von Gewalt gibt es?</p>
<p>Das Besondere an diesem Abend ist, dass die Autorin in den Dialog mit den Gastgebern und auch dem Publikum treten kann.</p>
<p>Und am Ende kann man auch noch ihr aktuelles Buch gewinnen!</p>
<p>Jeder kann sowohl anonym einfach zugucken als sich auch direkt einbringen und mitreden!</p>
<p>Entweder direkt über zoom einsteigen oder via Facebook.<br />
Fragen könnt ihr auch via Facebook gerne stellen, die die Autorin gerne beantworten wird.</p>
<p>Lagerfeuer-Helden bringt somir ein neues und spannendes Format zum Austausch mit Autor/innen und ihren Leser/innen.</p>
<p>Was ist Lagerfeuer-Helden?</p>
<p>Eine zweiwöchentliche Live-Platform im Netz, die von dem Autorenduo Ule Hansen (Astrid Ule und Eric Hansen) ins Leben gerufen wurde, um Lesern auch in Corona-Zeiten die Chance zu geben, ihre Autoren live und hautnah zu erleben.</p>
<p>Die Teilnehmerzahl auf Zoom ist begrenzt, aber man kann das Event auch ohne Anmeldung über die Facebook-Seite von Ule Hansen verfolgen, dort wird es parallel einen Live-Stream geben.</p>
<p>Die Teilnahme ist kostenlos.</p>
<p>Schalten Sie am Freitag, den 10. Juli um 20.15 Uhr den Zoom-Kanal 5028652482 ein – folgen Sie dazu einfach diesem Link: <a href="https://l.facebook.com/l.php?u=https%3A%2F%2Fzoom.us%2Fj%2F5028652482&amp;h=AT0PfJfWRij-WWY7p4VbaW0EQ_uQxPerdrqtKe-mYwIrtxya-OR2RIGKWQydDoYoBje9nGvYLeN6RhM-QsZlox4RUPuNlr9aXVI7dr17HrtvIvpnvERZKdrjd8Sm6I1Xt7b90gFtswNQwNrnXMPK" target="_blank" rel="nofollow noopener noreferrer" data-lynx-mode="hover">https://zoom.us/j/5028652482</a></p>
<p>Wer Zoom nicht hat, muss es erst herunterladen – super-einfach – nur hier klicken bzw. den Link ins Browser kopieren:</p>
<p><a href="https://l.facebook.com/l.php?u=https%3A%2F%2Fzoom.us%2Fj%2F5028652482&amp;h=AT0PfJfWRij-WWY7p4VbaW0EQ_uQxPerdrqtKe-mYwIrtxya-OR2RIGKWQydDoYoBje9nGvYLeN6RhM-QsZlox4RUPuNlr9aXVI7dr17HrtvIvpnvERZKdrjd8Sm6I1Xt7b90gFtswNQwNrnXMPK" target="_blank" rel="nofollow noopener noreferrer" data-lynx-mode="hover">https://zoom.us/j/5028652482</a></p>
<p>Oder schauen Sie sich den Livestream auf Facebook an: <a href="https://www.facebook.com/UleHansen/" target="_blank" rel="noopener noreferrer">https://www.facebook.com/UleHansen/?ref=bookmarks</a></p>
<p>Wir freuen uns auf euch!!</p>

<p>Am Freitag, dem 10. Juli 2020 ab 20 Uhr 15 ist Jennifer B. Wind bei den Lagerfeuer-Helden zu Gast und plaudert mit den Gastgebern Eric und Ule Hansen aus dem Nähkästchen. Live und komplett persönlich erzählt sie Geschichten aus ihrem Schriftstellerleben, von den harten Anfängen, über den Unterschied zwischen Fakt und Fiktion in Büchern und [&hellip;]</p>
